Last updated on 2022-08-15 08:49:58 CEST.
Flavor | Version | Tinstall | Tcheck | Ttotal | Status | Flags |
---|---|---|---|---|---|---|
r-devel-linux-x86_64-debian-clang | 0.2.4 | 33.88 | 179.78 | 213.66 | OK | |
r-devel-linux-x86_64-debian-gcc | 0.2.4 | 26.04 | 130.20 | 156.24 | OK | |
r-devel-linux-x86_64-fedora-clang | 0.2.4 | 272.79 | NOTE | |||
r-devel-linux-x86_64-fedora-gcc | 0.2.4 | 258.64 | NOTE | |||
r-devel-windows-x86_64 | 0.2.4 | 34.00 | 196.00 | 230.00 | OK | |
r-patched-linux-x86_64 | 0.2.4 | 25.57 | 169.02 | 194.59 | OK | |
r-release-linux-x86_64 | 0.2.4 | 21.31 | 167.86 | 189.17 | OK | |
r-release-macos-arm64 | 0.2.4 | 64.00 | OK | |||
r-release-macos-x86_64 | 0.2.4 | 111.00 | OK | |||
r-release-windows-x86_64 | 0.2.4 | 39.00 | 197.00 | 236.00 | OK | |
r-oldrel-macos-arm64 | 0.2.4 | 75.00 | OK | |||
r-oldrel-macos-x86_64 | 0.2.4 | 133.00 | OK | |||
r-oldrel-windows-ix86+x86_64 | 0.2.4 | 66.00 | 253.00 | 319.00 | OK |
Version: 0.2.4
Check: compiled code
Result: NOTE
File ‘IFP/libs/IFP.so’:
Found no calls to: ‘R_registerRoutines’, ‘R_useDynamicSymbols’
It is good practice to register native routines and to disable symbol
search.
See ‘Writing portable packages’ in the ‘Writing R Extensions’ manual.
Flavors: r-devel-linux-x86_64-fedora-clang, r-devel-linux-x86_64-fedora-gcc