Last updated on 2022-08-15 08:49:58 CEST.
Flavor | Version | Tinstall | Tcheck | Ttotal | Status | Flags |
---|---|---|---|---|---|---|
r-devel-linux-x86_64-debian-clang | 1.0.2 | 6.30 | 39.89 | 46.19 | OK | |
r-devel-linux-x86_64-debian-gcc | 1.0.2 | 3.87 | 31.13 | 35.00 | OK | |
r-devel-linux-x86_64-fedora-clang | 1.0.2 | 66.01 | NOTE | |||
r-devel-linux-x86_64-fedora-gcc | 1.0.2 | 66.93 | NOTE | |||
r-devel-windows-x86_64 | 1.0.2 | 26.00 | 66.00 | 92.00 | OK | |
r-patched-linux-x86_64 | 1.0.2 | 6.58 | 37.63 | 44.21 | OK | |
r-release-linux-x86_64 | 1.0.2 | 4.58 | 38.35 | 42.93 | OK | |
r-release-macos-arm64 | 1.0.2 | 24.00 | NOTE | |||
r-release-macos-x86_64 | 1.0.2 | 38.00 | NOTE | |||
r-release-windows-x86_64 | 1.0.2 | 21.00 | 70.00 | 91.00 | OK | |
r-oldrel-macos-arm64 | 1.0.2 | 28.00 | NOTE | |||
r-oldrel-macos-x86_64 | 1.0.2 | 32.00 | NOTE | |||
r-oldrel-windows-ix86+x86_64 | 1.0.2 | 15.00 | 62.00 | 77.00 | OK |
Version: 1.0.2
Check: dependencies in R code
Result: NOTE
Namespaces in Imports field not imported from:
‘Hmisc’ ‘devtools’ ‘httr’ ‘readODS’ ‘readxl’ ‘tidyr’
All declared Imports should be used.
Flavors: r-devel-linux-x86_64-fedora-clang, r-devel-linux-x86_64-fedora-gcc, r-release-macos-arm64, r-release-macos-x86_64, r-oldrel-macos-arm64, r-oldrel-macos-x86_64