Last updated on 2022-08-15 08:49:58 CEST.
Flavor | Version | Tinstall | Tcheck | Ttotal | Status | Flags |
---|---|---|---|---|---|---|
r-devel-linux-x86_64-debian-clang | 2.1.8 | 22.45 | 132.41 | 154.86 | NOTE | |
r-devel-linux-x86_64-debian-gcc | 2.1.8 | 21.24 | 97.74 | 118.98 | NOTE | |
r-devel-linux-x86_64-fedora-clang | 2.1.8 | 212.88 | NOTE | |||
r-devel-linux-x86_64-fedora-gcc | 2.1.8 | 212.63 | NOTE | |||
r-devel-windows-x86_64 | 2.1.8 | 35.00 | 146.00 | 181.00 | OK | |
r-patched-linux-x86_64 | 2.1.8 | 23.41 | 125.29 | 148.70 | OK | |
r-release-linux-x86_64 | 2.1.8 | 23.93 | 127.57 | 151.50 | OK | |
r-release-macos-arm64 | 2.1.8 | 49.00 | OK | |||
r-release-macos-x86_64 | 2.1.8 | 66.00 | OK | |||
r-release-windows-x86_64 | 2.1.8 | 35.00 | 148.00 | 183.00 | OK | |
r-oldrel-macos-arm64 | 2.1.8 | 47.00 | OK | |||
r-oldrel-macos-x86_64 | 2.1.8 | 69.00 | OK | |||
r-oldrel-windows-ix86+x86_64 | 2.1.8 | 41.00 | 148.00 | 189.00 | OK |
Version: 2.1.8
Check: HTML version of manual
Result: NOTE
Found the following math rendering problems:
USPSdigits.Rd:41: Undefined control sequence: \textsuperscript in 2\textsuperscript{nd}
Flavors: r-devel-linux-x86_64-debian-clang, r-devel-linux-x86_64-debian-gcc, r-devel-linux-x86_64-fedora-clang, r-devel-linux-x86_64-fedora-gcc