Last updated on 2022-08-15 08:49:58 CEST.
Flavor | Version | Tinstall | Tcheck | Ttotal | Status | Flags |
---|---|---|---|---|---|---|
r-devel-linux-x86_64-debian-clang | 1.0.0 | 8.32 | 369.47 | 377.79 | OK | |
r-devel-linux-x86_64-debian-gcc | 1.0.0 | 7.67 | 267.10 | 274.77 | OK | |
r-devel-linux-x86_64-fedora-clang | 1.0.0 | 447.34 | NOTE | |||
r-devel-linux-x86_64-fedora-gcc | 1.0.0 | 465.27 | NOTE | |||
r-devel-windows-x86_64 | 1.0.0 | 13.00 | 401.00 | 414.00 | OK | |
r-patched-linux-x86_64 | 1.0.0 | 8.23 | 359.21 | 367.44 | OK | |
r-release-linux-x86_64 | 1.0.0 | 9.67 | 363.13 | 372.80 | OK | |
r-release-macos-arm64 | 1.0.0 | 149.00 | NOTE | |||
r-release-macos-x86_64 | 1.0.0 | 388.00 | NOTE | |||
r-release-windows-x86_64 | 1.0.0 | 19.00 | 399.00 | 418.00 | OK | |
r-oldrel-macos-arm64 | 1.0.0 | 166.00 | NOTE | |||
r-oldrel-macos-x86_64 | 1.0.0 | 343.00 | NOTE | |||
r-oldrel-windows-ix86+x86_64 | 1.0.0 | 18.00 | 419.00 | 437.00 | OK |
Version: 1.0.0
Check: dependencies in R code
Result: NOTE
Namespaces in Imports field not imported from:
‘lme4’ ‘reshape2’
All declared Imports should be used.
Flavors: r-devel-linux-x86_64-fedora-clang, r-devel-linux-x86_64-fedora-gcc, r-release-macos-arm64, r-release-macos-x86_64, r-oldrel-macos-arm64, r-oldrel-macos-x86_64