Last updated on 2022-08-15 08:49:58 CEST.
Flavor | Version | Tinstall | Tcheck | Ttotal | Status | Flags |
---|---|---|---|---|---|---|
r-devel-linux-x86_64-debian-clang | 1.0 | 34.12 | 283.57 | 317.69 | NOTE | |
r-devel-linux-x86_64-debian-gcc | 1.0 | 26.47 | 207.47 | 233.94 | NOTE | |
r-devel-linux-x86_64-fedora-clang | 1.0 | 399.72 | NOTE | |||
r-devel-linux-x86_64-fedora-gcc | 1.0 | 397.90 | NOTE | |||
r-devel-windows-x86_64 | 1.0 | 43.00 | 272.00 | 315.00 | OK | |
r-patched-linux-x86_64 | 1.0 | 29.73 | 270.75 | 300.48 | NOTE | |
r-release-linux-x86_64 | 1.0 | 29.19 | 275.31 | 304.50 | NOTE | |
r-release-macos-arm64 | 1.0 | 93.00 | OK | |||
r-release-macos-x86_64 | 1.0 | 6.00 | ERROR | |||
r-release-windows-x86_64 | 1.0 | 39.00 | 280.00 | 319.00 | OK | |
r-oldrel-macos-arm64 | 1.0 | 138.00 | OK | |||
r-oldrel-macos-x86_64 | 1.0 | 10.00 | ERROR | |||
r-oldrel-windows-ix86+x86_64 | 1.0 | 54.00 | 274.00 | 328.00 | OK |
Version: 1.0
Check: for non-standard things in the check directory
Result: NOTE
Found the following files/directories:
'INCA_DEG combined table.txt'
'INCA_DEG_LIMMA_significant_transEff.txt'
'INCA_DEG_LIMMA_transEff.txt' 'INCA_DEG_LIMMA_volcano_transEff.jpg'
'INCA_DEG_RP_transEff.txt' 'INCA_DEG_RP_transEff_significant.txt'
'INCA_DEG_RP_volcano_transEff.jpg'
'INCA_DEG_SAM_significant_transEff.txt' 'INCA_DEG_SAM_transEff.txt'
'INCA_DEG_SAM_volcano_transEff.jpg'
'INCA_DEG_TTEST_significant_transEff.txt'
'INCA_DEG_TTEST_transEff.txt' 'INCA_DEG_TTEST_volcano_transEff.jpg'
'MAplot1.jpg' 'MAplot10.jpg' 'MAplot11.jpg' 'MAplot12.jpg'
'MAplot2.jpg' 'MAplot3.jpg' 'MAplot4.jpg' 'MAplot5.jpg' 'MAplot6.jpg'
'MAplot7.jpg' 'MAplot8.jpg' 'MAplot9.jpg'
'MAplot_post-INCANormIC_1.jpg' 'MAplot_post-INCANormIC_10.jpg'
'MAplot_post-INCANormIC_11.jpg' 'MAplot_post-INCANormIC_12.jpg'
'MAplot_post-INCANormIC_2.jpg' 'MAplot_post-INCANormIC_3.jpg'
'MAplot_post-INCANormIC_4.jpg' 'MAplot_post-INCANormIC_5.jpg'
'MAplot_post-INCANormIC_6.jpg' 'MAplot_post-INCANormIC_7.jpg'
'MAplot_post-INCANormIC_8.jpg' 'MAplot_post-INCANormIC_9.jpg'
'MAplot_post-INCANormSI_1.jpg' 'MAplot_post-INCANormSI_10.jpg'
'MAplot_post-INCANormSI_11.jpg' 'MAplot_post-INCANormSI_12.jpg'
'MAplot_post-INCANormSI_2.jpg' 'MAplot_post-INCANormSI_3.jpg'
'MAplot_post-INCANormSI_4.jpg' 'MAplot_post-INCANormSI_5.jpg'
'MAplot_post-INCANormSI_6.jpg' 'MAplot_post-INCANormSI_7.jpg'
'MAplot_post-INCANormSI_8.jpg' 'MAplot_post-INCANormSI_9.jpg'
'MAplot_pre-INCANormIC_1.jpg' 'MAplot_pre-INCANormIC_10.jpg'
'MAplot_pre-INCANormIC_11.jpg' 'MAplot_pre-INCANormIC_12.jpg'
'MAplot_pre-INCANormIC_2.jpg' 'MAplot_pre-INCANormIC_3.jpg'
'MAplot_pre-INCANormIC_4.jpg' 'MAplot_pre-INCANormIC_5.jpg'
'MAplot_pre-INCANormIC_6.jpg' 'MAplot_pre-INCANormIC_7.jpg'
'MAplot_pre-INCANormIC_8.jpg' 'MAplot_pre-INCANormIC_9.jpg'
'MAplot_pre-INCANormSI_1.jpg' 'MAplot_pre-INCANormSI_10.jpg'
'MAplot_pre-INCANormSI_11.jpg' 'MAplot_pre-INCANormSI_12.jpg'
'MAplot_pre-INCANormSI_2.jpg' 'MAplot_pre-INCANormSI_3.jpg'
'MAplot_pre-INCANormSI_4.jpg' 'MAplot_pre-INCANormSI_5.jpg'
'MAplot_pre-INCANormSI_6.jpg' 'MAplot_pre-INCANormSI_7.jpg'
'MAplot_pre-INCANormSI_8.jpg' 'MAplot_pre-INCANormSI_9.jpg'
'SpikeInPlot1.jpg' 'SpikeInPlot10.jpg' 'SpikeInPlot11.jpg'
'SpikeInPlot12.jpg' 'SpikeInPlot2.jpg' 'SpikeInPlot3.jpg'
'SpikeInPlot4.jpg' 'SpikeInPlot5.jpg' 'SpikeInPlot6.jpg'
'SpikeInPlot7.jpg' 'SpikeInPlot8.jpg' 'SpikeInPlot9.jpg'
Flavors: r-devel-linux-x86_64-debian-clang, r-devel-linux-x86_64-debian-gcc, r-devel-linux-x86_64-fedora-clang, r-devel-linux-x86_64-fedora-gcc, r-patched-linux-x86_64, r-release-linux-x86_64
Version: 1.0
Check: package dependencies
Result: ERROR
Package required but not available: ‘RankProd’
See section ‘The DESCRIPTION file’ in the ‘Writing R Extensions’
manual.
Flavors: r-release-macos-x86_64, r-oldrel-macos-x86_64