Last updated on 2022-08-15 08:49:58 CEST.
Flavor | Version | Tinstall | Tcheck | Ttotal | Status | Flags |
---|---|---|---|---|---|---|
r-devel-linux-x86_64-debian-clang | 0.1-11 | 28.63 | 291.38 | 320.01 | NOTE | |
r-devel-linux-x86_64-debian-gcc | 0.1-11 | 23.80 | 211.72 | 235.52 | NOTE | |
r-devel-linux-x86_64-fedora-clang | 0.1-11 | 398.50 | OK | |||
r-devel-linux-x86_64-fedora-gcc | 0.1-11 | 430.66 | OK | |||
r-devel-windows-x86_64 | 0.1-11 | 32.00 | 265.00 | 297.00 | NOTE | |
r-patched-linux-x86_64 | 0.1-11 | 27.82 | 275.05 | 302.87 | NOTE | |
r-release-linux-x86_64 | 0.1-11 | 25.85 | 276.31 | 302.16 | NOTE | |
r-release-macos-arm64 | 0.1-11 | 88.00 | NOTE | |||
r-release-macos-x86_64 | 0.1-11 | 114.00 | NOTE | |||
r-release-windows-x86_64 | 0.1-11 | 32.00 | 273.00 | 305.00 | NOTE | |
r-oldrel-macos-arm64 | 0.1-11 | 63.00 | NOTE | |||
r-oldrel-macos-x86_64 | 0.1-11 | 85.00 | NOTE | |||
r-oldrel-windows-ix86+x86_64 | 0.1-11 | 69.00 | 277.00 | 346.00 | OK |
Version: 0.1-11
Check: package dependencies
Result: NOTE
Package suggested but not available for checking: 'INLA'
Flavors: r-devel-linux-x86_64-debian-clang, r-devel-linux-x86_64-debian-gcc, r-devel-windows-x86_64, r-patched-linux-x86_64, r-release-linux-x86_64, r-release-macos-arm64, r-release-macos-x86_64, r-release-windows-x86_64, r-oldrel-macos-arm64, r-oldrel-macos-x86_64