Last updated on 2022-08-15 08:49:58 CEST.
Flavor | Version | Tinstall | Tcheck | Ttotal | Status | Flags |
---|---|---|---|---|---|---|
r-devel-linux-x86_64-debian-clang | 0.1.0 | 24.31 | 207.42 | 231.73 | NOTE | |
r-devel-linux-x86_64-debian-gcc | 0.1.0 | 19.74 | 152.86 | 172.60 | NOTE | |
r-devel-linux-x86_64-fedora-clang | 0.1.0 | 290.87 | NOTE | |||
r-devel-linux-x86_64-fedora-gcc | 0.1.0 | 305.75 | NOTE | |||
r-devel-windows-x86_64 | 0.1.0 | 88.00 | 213.00 | 301.00 | NOTE | |
r-patched-linux-x86_64 | 0.1.0 | 25.95 | 192.89 | 218.84 | OK | |
r-release-linux-x86_64 | 0.1.0 | 23.79 | 191.14 | 214.93 | OK | |
r-release-macos-arm64 | 0.1.0 | 67.00 | OK | |||
r-release-macos-x86_64 | 0.1.0 | 113.00 | OK | |||
r-release-windows-x86_64 | 0.1.0 | 84.00 | 223.00 | 307.00 | OK | |
r-oldrel-macos-arm64 | 0.1.0 | 78.00 | OK | |||
r-oldrel-macos-x86_64 | 0.1.0 | 104.00 | OK | |||
r-oldrel-windows-ix86+x86_64 | 0.1.0 | 62.00 | 217.00 | 279.00 | OK |
Version: 0.1.0
Check: package subdirectories
Result: NOTE
Problems with news in 'NEWS.md':
Cannot extract version info from the following section titles:
INSPECTumours (development version)
Flavors: r-devel-linux-x86_64-debian-clang, r-devel-linux-x86_64-debian-gcc, r-devel-linux-x86_64-fedora-clang, r-devel-linux-x86_64-fedora-gcc, r-devel-windows-x86_64
Version: 0.1.0
Check: package dependencies
Result: NOTE
Imports includes 25 non-default packages.
Importing from so many packages makes the package vulnerable to any of
them becoming unavailable. Move as many as possible to Suggests and
use conditionally.
Flavor: r-devel-linux-x86_64-fedora-clang