Last updated on 2022-08-15 08:49:59 CEST.
Flavor | Version | Tinstall | Tcheck | Ttotal | Status | Flags |
---|---|---|---|---|---|---|
r-devel-linux-x86_64-debian-clang | 0.1.0 | 2.96 | 34.27 | 37.23 | OK | |
r-devel-linux-x86_64-debian-gcc | 0.1.0 | 2.27 | 25.20 | 27.47 | OK | |
r-devel-linux-x86_64-fedora-clang | 0.1.0 | 55.42 | NOTE | |||
r-devel-linux-x86_64-fedora-gcc | 0.1.0 | 55.38 | NOTE | |||
r-devel-windows-x86_64 | 0.1.0 | 10.00 | 54.00 | 64.00 | OK | |
r-patched-linux-x86_64 | 0.1.0 | 3.06 | 31.87 | 34.93 | OK | |
r-release-linux-x86_64 | 0.1.0 | 3.45 | 32.30 | 35.75 | OK | |
r-release-macos-arm64 | 0.1.0 | 19.00 | NOTE | |||
r-release-macos-x86_64 | 0.1.0 | 31.00 | NOTE | |||
r-release-windows-x86_64 | 0.1.0 | 14.00 | 54.00 | 68.00 | OK | |
r-oldrel-macos-arm64 | 0.1.0 | 25.00 | NOTE | |||
r-oldrel-macos-x86_64 | 0.1.0 | 26.00 | NOTE | |||
r-oldrel-windows-ix86+x86_64 | 0.1.0 | 8.00 | 46.00 | 54.00 | OK |
Version: 0.1.0
Check: dependencies in R code
Result: NOTE
Namespace in Imports field not imported from: ‘dplyr’
All declared Imports should be used.
Flavors: r-devel-linux-x86_64-fedora-clang, r-devel-linux-x86_64-fedora-gcc, r-release-macos-arm64, r-release-macos-x86_64, r-oldrel-macos-arm64, r-oldrel-macos-x86_64