Last updated on 2022-08-15 08:49:59 CEST.
Flavor | Version | Tinstall | Tcheck | Ttotal | Status | Flags |
---|---|---|---|---|---|---|
r-devel-linux-x86_64-debian-clang | 0.1.4 | 55.27 | 33.25 | 88.52 | NOTE | |
r-devel-linux-x86_64-debian-gcc | 0.1.4 | 48.81 | 26.36 | 75.17 | NOTE | |
r-devel-linux-x86_64-fedora-clang | 0.1.4 | 132.02 | NOTE | |||
r-devel-linux-x86_64-fedora-gcc | 0.1.4 | 134.46 | NOTE | |||
r-devel-windows-x86_64 | 0.1.4 | 96.00 | 89.00 | 185.00 | NOTE | |
r-patched-linux-x86_64 | 0.1.4 | 49.18 | 32.22 | 81.40 | NOTE | |
r-release-linux-x86_64 | 0.1.4 | 51.21 | 33.24 | 84.45 | NOTE | |
r-release-macos-arm64 | 0.1.4 | 35.00 | NOTE | |||
r-release-macos-x86_64 | 0.1.4 | 45.00 | NOTE | |||
r-release-windows-x86_64 | 0.1.4 | 107.00 | 92.00 | 199.00 | NOTE | |
r-oldrel-macos-arm64 | 0.1.4 | 42.00 | NOTE | |||
r-oldrel-macos-x86_64 | 0.1.4 | 66.00 | NOTE | |||
r-oldrel-windows-ix86+x86_64 | 0.1.4 | 153.00 | 84.00 | 237.00 | NOTE |
Version: 0.1.4
Check: LazyData
Result: NOTE
'LazyData' is specified without a 'data' directory
Flavors: r-devel-linux-x86_64-debian-clang, r-devel-linux-x86_64-debian-gcc, r-devel-linux-x86_64-fedora-clang, r-devel-linux-x86_64-fedora-gcc, r-devel-windows-x86_64, r-patched-linux-x86_64, r-release-linux-x86_64, r-release-macos-arm64, r-release-macos-x86_64, r-release-windows-x86_64, r-oldrel-macos-arm64, r-oldrel-macos-x86_64, r-oldrel-windows-ix86+x86_64
Version: 0.1.4
Check: installed package size
Result: NOTE
installed size is 6.6Mb
sub-directories of 1Mb or more:
libs 6.4Mb
Flavors: r-release-macos-arm64, r-release-macos-x86_64, r-oldrel-macos-arm64, r-oldrel-macos-x86_64