Last updated on 2022-08-15 08:49:59 CEST.
Flavor | Version | Tinstall | Tcheck | Ttotal | Status | Flags |
---|---|---|---|---|---|---|
r-devel-linux-x86_64-debian-clang | 1.0 | 7.88 | 70.34 | 78.22 | NOTE | |
r-devel-linux-x86_64-debian-gcc | 1.0 | 6.61 | 52.85 | 59.46 | NOTE | |
r-devel-linux-x86_64-fedora-clang | 1.0 | 103.56 | NOTE | |||
r-devel-linux-x86_64-fedora-gcc | 1.0 | 104.22 | NOTE | |||
r-devel-windows-x86_64 | 1.0 | 11.00 | 88.00 | 99.00 | NOTE | |
r-patched-linux-x86_64 | 1.0 | 6.92 | 65.84 | 72.76 | NOTE | |
r-release-linux-x86_64 | 1.0 | 5.10 | 65.39 | 70.49 | NOTE | |
r-release-macos-arm64 | 1.0 | 32.00 | NOTE | |||
r-release-macos-x86_64 | 1.0 | 44.00 | NOTE | |||
r-release-windows-x86_64 | 1.0 | 10.00 | 91.00 | 101.00 | NOTE | |
r-oldrel-macos-arm64 | 1.0 | 37.00 | NOTE | |||
r-oldrel-macos-x86_64 | 1.0 | 57.00 | NOTE | |||
r-oldrel-windows-ix86+x86_64 | 1.0 | 16.00 | 89.00 | 105.00 | NOTE |
Version: 1.0
Check: LazyData
Result: NOTE
'LazyData' is specified without a 'data' directory
Flavors: r-devel-linux-x86_64-debian-clang, r-devel-linux-x86_64-debian-gcc, r-devel-linux-x86_64-fedora-clang, r-devel-linux-x86_64-fedora-gcc, r-devel-windows-x86_64, r-patched-linux-x86_64, r-release-linux-x86_64, r-release-macos-arm64, r-release-macos-x86_64, r-release-windows-x86_64, r-oldrel-macos-arm64, r-oldrel-macos-x86_64, r-oldrel-windows-ix86+x86_64