Last updated on 2022-08-15 08:49:59 CEST.
Flavor | Version | Tinstall | Tcheck | Ttotal | Status | Flags |
---|---|---|---|---|---|---|
r-devel-linux-x86_64-debian-clang | 1.0.0 | 6.63 | 61.20 | 67.83 | NOTE | |
r-devel-linux-x86_64-debian-gcc | 1.0.0 | 4.38 | 44.72 | 49.10 | NOTE | |
r-devel-linux-x86_64-fedora-clang | 1.0.0 | 95.25 | NOTE | |||
r-devel-linux-x86_64-fedora-gcc | 1.0.0 | 92.82 | NOTE | |||
r-devel-windows-x86_64 | 1.0.0 | 23.00 | 81.00 | 104.00 | NOTE | |
r-patched-linux-x86_64 | 1.0.0 | 5.55 | 56.63 | 62.18 | OK | |
r-release-linux-x86_64 | 1.0.0 | 5.88 | 57.96 | 63.84 | OK | |
r-release-macos-arm64 | 1.0.0 | 26.00 | NOTE | |||
r-release-macos-x86_64 | 1.0.0 | 50.00 | NOTE | |||
r-release-windows-x86_64 | 1.0.0 | 20.00 | 82.00 | 102.00 | OK | |
r-oldrel-macos-arm64 | 1.0.0 | 29.00 | NOTE | |||
r-oldrel-macos-x86_64 | 1.0.0 | 41.00 | NOTE | |||
r-oldrel-windows-ix86+x86_64 | 1.0.0 | 19.00 | 78.00 | 97.00 | OK |
Version: 1.0.0
Check: Rd files
Result: NOTE
checkRd: (-1) constrained.Rd:49: Escaped LaTeX specials: \&
Flavors: r-devel-linux-x86_64-debian-clang, r-devel-linux-x86_64-debian-gcc, r-devel-linux-x86_64-fedora-clang, r-devel-linux-x86_64-fedora-gcc, r-devel-windows-x86_64
Version: 1.0.0
Check: dependencies in R code
Result: NOTE
Namespaces in Imports field not imported from:
‘Rdpack’ ‘glmnet’
All declared Imports should be used.
Flavors: r-devel-linux-x86_64-fedora-clang, r-devel-linux-x86_64-fedora-gcc, r-release-macos-arm64, r-release-macos-x86_64, r-oldrel-macos-arm64, r-oldrel-macos-x86_64