Last updated on 2022-08-15 08:49:59 CEST.
Flavor | Version | Tinstall | Tcheck | Ttotal | Status | Flags |
---|---|---|---|---|---|---|
r-devel-linux-x86_64-debian-clang | 2022.01.10 | 2.03 | 15.40 | 17.43 | OK | |
r-devel-linux-x86_64-debian-gcc | 2022.01.10 | 1.49 | 12.27 | 13.76 | OK | |
r-devel-linux-x86_64-fedora-clang | 2022.01.10 | 32.29 | NOTE | |||
r-devel-linux-x86_64-fedora-gcc | 2022.01.10 | 32.80 | NOTE | |||
r-devel-windows-x86_64 | 2022.01.10 | 16.00 | 35.00 | 51.00 | OK | |
r-patched-linux-x86_64 | 2022.01.10 | 2.05 | 14.79 | 16.84 | OK | |
r-release-linux-x86_64 | 2022.01.10 | 1.96 | 14.91 | 16.87 | OK | |
r-release-macos-arm64 | 2022.01.10 | 11.00 | NOTE | |||
r-release-macos-x86_64 | 2022.01.10 | 17.00 | NOTE | |||
r-release-windows-x86_64 | 2022.01.10 | 5.00 | 36.00 | 41.00 | OK | |
r-oldrel-macos-arm64 | 2022.01.10 | 12.00 | NOTE | |||
r-oldrel-macos-x86_64 | 2022.01.10 | 17.00 | NOTE | |||
r-oldrel-windows-ix86+x86_64 | 2022.01.10 | 4.00 | 26.00 | 30.00 | OK |
Version: 2022.01.10
Check: Rd cross-references
Result: NOTE
Undeclared package ‘Unicode’ in Rd xrefs
Flavor: r-devel-linux-x86_64-fedora-clang
Version: 2022.01.10
Check: data for non-ASCII characters
Result: NOTE
Note: found 7523 marked UTF-8 strings
Flavors: r-devel-linux-x86_64-fedora-clang, r-devel-linux-x86_64-fedora-gcc, r-release-macos-arm64, r-release-macos-x86_64, r-oldrel-macos-arm64, r-oldrel-macos-x86_64