Last updated on 2022-08-15 08:49:59 CEST.
Flavor | Version | Tinstall | Tcheck | Ttotal | Status | Flags |
---|---|---|---|---|---|---|
r-devel-linux-x86_64-debian-clang | 1.1.3 | 27.41 | 55.95 | 83.36 | NOTE | |
r-devel-linux-x86_64-debian-gcc | 1.1.3 | 18.44 | 42.77 | 61.21 | NOTE | |
r-devel-linux-x86_64-fedora-clang | 1.1.3 | 119.71 | NOTE | |||
r-devel-linux-x86_64-fedora-gcc | 1.1.3 | 114.70 | NOTE | |||
r-devel-windows-x86_64 | 1.1.3 | 75.00 | 116.00 | 191.00 | NOTE | |
r-patched-linux-x86_64 | 1.1.3 | 20.23 | 53.03 | 73.26 | OK | |
r-release-linux-x86_64 | 1.1.3 | 20.71 | 53.61 | 74.32 | OK | |
r-release-macos-arm64 | 1.1.3 | 37.00 | OK | |||
r-release-macos-x86_64 | 1.1.3 | 46.00 | OK | |||
r-release-windows-x86_64 | 1.1.3 | 97.00 | 114.00 | 211.00 | OK | |
r-oldrel-macos-arm64 | 1.1.3 | 42.00 | OK | |||
r-oldrel-macos-x86_64 | 1.1.3 | 66.00 | OK | |||
r-oldrel-windows-ix86+x86_64 | 1.1.3 | 69.00 | 110.00 | 179.00 | OK |
Version: 1.1.3
Check: Rd files
Result: NOTE
checkRd: (-1) ISOpureS1.model_optimize.kappa.kappa_deriv_loglikelihood.Rd:9: Escaped LaTeX specials: \$
checkRd: (-1) ISOpureS1.model_optimize.kappa.kappa_deriv_loglikelihood.Rd:14: Escaped LaTeX specials: \$
checkRd: (-1) ISOpureS1.model_optimize.kappa.kappa_loglikelihood.Rd:11: Escaped LaTeX specials: \$
checkRd: (-1) ISOpureS2.model_optimize.kappa.kappa_deriv_loglikelihood.Rd:11: Escaped LaTeX specials: \$
checkRd: (-1) ISOpureS2.model_optimize.kappa.kappa_loglikelihood.Rd:11: Escaped LaTeX specials: \$
Flavors: r-devel-linux-x86_64-debian-clang, r-devel-linux-x86_64-debian-gcc, r-devel-linux-x86_64-fedora-clang, r-devel-linux-x86_64-fedora-gcc, r-devel-windows-x86_64