Last updated on 2022-08-15 08:49:58 CEST.
Flavor | Version | Tinstall | Tcheck | Ttotal | Status | Flags |
---|---|---|---|---|---|---|
r-devel-linux-x86_64-debian-clang | 1.0.3 | 11.87 | 163.25 | 175.12 | OK | |
r-devel-linux-x86_64-debian-gcc | 1.0.3 | 9.49 | 119.73 | 129.22 | OK | |
r-devel-linux-x86_64-fedora-clang | 1.0.3 | 226.45 | NOTE | |||
r-devel-linux-x86_64-fedora-gcc | 1.0.3 | 188.67 | NOTE | |||
r-devel-windows-x86_64 | 1.0.3 | 44.00 | 249.00 | 293.00 | OK | |
r-patched-linux-x86_64 | 1.0.3 | 10.98 | 151.04 | 162.02 | OK | |
r-release-linux-x86_64 | 1.0.3 | 7.84 | 149.72 | 157.56 | OK | |
r-release-macos-arm64 | 1.0.3 | 77.00 | NOTE | |||
r-release-macos-x86_64 | 1.0.3 | 124.00 | NOTE | |||
r-release-windows-x86_64 | 1.0.3 | 60.00 | 252.00 | 312.00 | OK | |
r-oldrel-macos-arm64 | 1.0.3 | 83.00 | NOTE | |||
r-oldrel-macos-x86_64 | 1.0.3 | 126.00 | NOTE | |||
r-oldrel-windows-ix86+x86_64 | 1.0.3 | 30.00 | 266.00 | 296.00 | OK |
Version: 1.0.3
Check: data for non-ASCII characters
Result: NOTE
Note: found 10 marked UTF-8 strings
Flavors: r-devel-linux-x86_64-fedora-clang, r-devel-linux-x86_64-fedora-gcc, r-release-macos-arm64, r-release-macos-x86_64, r-oldrel-macos-arm64, r-oldrel-macos-x86_64
Version: 1.0.3
Check: for detritus in the temp directory
Result: NOTE
Found the following files/directories:
‘Crashpad’
Flavors: r-devel-linux-x86_64-fedora-clang, r-devel-linux-x86_64-fedora-gcc