Last updated on 2022-08-15 08:49:58 CEST.
Flavor | Version | Tinstall | Tcheck | Ttotal | Status | Flags |
---|---|---|---|---|---|---|
r-devel-linux-x86_64-debian-clang | 0.1-3 | 22.53 | 165.50 | 188.03 | OK | |
r-devel-linux-x86_64-debian-gcc | 0.1-3 | 16.09 | 122.78 | 138.87 | OK | |
r-devel-linux-x86_64-fedora-clang | 0.1-3 | 234.23 | OK | |||
r-devel-linux-x86_64-fedora-gcc | 0.1-3 | 237.82 | OK | |||
r-devel-windows-x86_64 | 0.1-3 | 43.00 | 165.00 | 208.00 | OK | |
r-patched-linux-x86_64 | 0.1-3 | 15.13 | 161.11 | 176.24 | OK | |
r-release-linux-x86_64 | 0.1-3 | 21.23 | 162.33 | 183.56 | OK | |
r-release-macos-arm64 | 0.1-3 | 46.00 | OK | |||
r-release-macos-x86_64 | 0.1-3 | 7.00 | ERROR | |||
r-release-windows-x86_64 | 0.1-3 | 57.00 | 170.00 | 227.00 | OK | |
r-oldrel-macos-arm64 | 0.1-3 | 50.00 | OK | |||
r-oldrel-macos-x86_64 | 0.1-3 | 81.00 | OK | |||
r-oldrel-windows-ix86+x86_64 | 0.1-3 | 42.00 | 168.00 | 210.00 | OK |
Version: 0.1-3
Check: package dependencies
Result: ERROR
Package required but not available: ‘RcppBDT’
See section ‘The DESCRIPTION file’ in the ‘Writing R Extensions’
manual.
Flavor: r-release-macos-x86_64