Last updated on 2022-08-15 08:49:58 CEST.
Flavor | Version | Tinstall | Tcheck | Ttotal | Status | Flags |
---|---|---|---|---|---|---|
r-devel-linux-x86_64-debian-clang | 1.3.1 | 2.26 | 40.34 | 42.60 | OK | |
r-devel-linux-x86_64-debian-gcc | 1.3.1 | 1.95 | 30.23 | 32.18 | OK | |
r-devel-linux-x86_64-fedora-clang | 1.3.1 | 61.05 | NOTE | |||
r-devel-linux-x86_64-fedora-gcc | 1.3.1 | 59.65 | OK | |||
r-devel-windows-x86_64 | 1.3.1 | 18.00 | 63.00 | 81.00 | OK | |
r-patched-linux-x86_64 | 1.3.1 | 2.07 | 35.43 | 37.50 | OK | |
r-release-linux-x86_64 | 1.3.1 | 2.50 | 40.04 | 42.54 | OK | |
r-release-macos-arm64 | 1.3.1 | 25.00 | NOTE | |||
r-release-macos-x86_64 | 1.3.1 | 29.00 | OK | |||
r-release-windows-x86_64 | 1.3.1 | 32.00 | 63.00 | 95.00 | OK | |
r-oldrel-macos-arm64 | 1.3.1 | 27.00 | NOTE | |||
r-oldrel-macos-x86_64 | 1.3.1 | 35.00 | OK | |||
r-oldrel-windows-ix86+x86_64 | 1.3.1 | 6.00 | 60.00 | 66.00 | OK |
Version: 1.3.1
Check: Rd cross-references
Result: NOTE
Undeclared package ‘minfi’ in Rd xrefs
Flavor: r-devel-linux-x86_64-fedora-clang
Version: 1.3.1
Check: Rd cross-references
Result: NOTE
Package unavailable to check Rd xrefs: ‘minfi’
Flavors: r-release-macos-arm64, r-oldrel-macos-arm64