Last updated on 2022-08-15 08:49:58 CEST.
Flavor | Version | Tinstall | Tcheck | Ttotal | Status | Flags |
---|---|---|---|---|---|---|
r-devel-linux-x86_64-debian-clang | 1.4.4 | 15.06 | 132.63 | 147.69 | OK | |
r-devel-linux-x86_64-debian-gcc | 1.4.4 | 12.61 | 94.51 | 107.12 | OK | |
r-devel-linux-x86_64-fedora-clang | 1.4.4 | 179.82 | NOTE | |||
r-devel-linux-x86_64-fedora-gcc | 1.4.4 | 185.10 | NOTE | |||
r-devel-windows-x86_64 | 1.4.4 | 23.00 | 127.00 | 150.00 | OK | |
r-patched-linux-x86_64 | 1.4.4 | 13.57 | 121.39 | 134.96 | OK | |
r-release-linux-x86_64 | 1.4.4 | 14.56 | 121.46 | 136.02 | OK | |
r-release-macos-arm64 | 1.4.4 | 45.00 | NOTE | |||
r-release-macos-x86_64 | 1.4.4 | 90.00 | NOTE | |||
r-release-windows-x86_64 | 1.4.4 | 22.00 | 124.00 | 146.00 | OK | |
r-oldrel-macos-arm64 | 1.4.4 | 47.00 | NOTE | |||
r-oldrel-macos-x86_64 | 1.4.4 | 60.00 | NOTE | |||
r-oldrel-windows-ix86+x86_64 | 1.4.4 | 33.00 | 125.00 | 158.00 | OK |
Version: 1.4.4
Check: dependencies in R code
Result: NOTE
Namespace in Imports field not imported from: ‘svglite’
All declared Imports should be used.
Flavors: r-devel-linux-x86_64-fedora-clang, r-devel-linux-x86_64-fedora-gcc, r-release-macos-arm64, r-release-macos-x86_64, r-oldrel-macos-arm64, r-oldrel-macos-x86_64