Last updated on 2022-08-15 08:49:59 CEST.
Flavor | Version | Tinstall | Tcheck | Ttotal | Status | Flags |
---|---|---|---|---|---|---|
r-devel-linux-x86_64-debian-clang | 1.0-24 | 5.96 | 87.60 | 93.56 | OK | |
r-devel-linux-x86_64-debian-gcc | 1.0-24 | 6.43 | 65.12 | 71.55 | OK | |
r-devel-linux-x86_64-fedora-clang | 1.0-24 | 124.03 | NOTE | |||
r-devel-linux-x86_64-fedora-gcc | 1.0-24 | 125.11 | OK | |||
r-devel-windows-x86_64 | 1.0-24 | 21.00 | 127.00 | 148.00 | OK | |
r-patched-linux-x86_64 | 1.0-24 | 8.02 | 87.92 | 95.94 | OK | |
r-release-linux-x86_64 | 1.0-24 | 8.57 | 89.15 | 97.72 | OK | |
r-release-windows-x86_64 | 1.0-24 | 23.00 | 131.00 | 154.00 | OK | |
r-oldrel-windows-ix86+x86_64 | 1.0-24 | 16.00 | 109.00 | 125.00 | OK |
Version: 1.0-24
Check: Rd cross-references
Result: NOTE
Undeclared package ‘multtest’ in Rd xrefs
Flavor: r-devel-linux-x86_64-fedora-clang