Last updated on 2022-08-15 08:49:59 CEST.
Flavor | Version | Tinstall | Tcheck | Ttotal | Status | Flags |
---|---|---|---|---|---|---|
r-devel-linux-x86_64-debian-clang | 1.0.6 | 1.62 | 33.27 | 34.89 | OK | |
r-devel-linux-x86_64-debian-gcc | 1.0.6 | 1.72 | 25.57 | 27.29 | OK | |
r-devel-linux-x86_64-fedora-clang | 1.0.6 | 53.23 | NOTE | |||
r-devel-linux-x86_64-fedora-gcc | 1.0.6 | 52.12 | NOTE | |||
r-devel-windows-x86_64 | 1.0.6 | 4.00 | 63.00 | 67.00 | OK | |
r-patched-linux-x86_64 | 1.0.6 | 1.71 | 31.87 | 33.58 | OK | |
r-release-linux-x86_64 | 1.0.6 | 1.83 | 32.09 | 33.92 | OK | |
r-release-macos-arm64 | 1.0.6 | 68.00 | NOTE | |||
r-release-macos-x86_64 | 1.0.6 | 62.00 | NOTE | |||
r-release-windows-x86_64 | 1.0.6 | 12.00 | 66.00 | 78.00 | OK | |
r-oldrel-macos-arm64 | 1.0.6 | 72.00 | NOTE | |||
r-oldrel-macos-x86_64 | 1.0.6 | 188.00 | NOTE | |||
r-oldrel-windows-ix86+x86_64 | 1.0.6 | 5.00 | 57.00 | 62.00 | OK |
Version: 1.0.6
Check: dependencies in R code
Result: NOTE
Namespaces in Imports field not imported from:
‘curl’ ‘modules’
All declared Imports should be used.
Flavors: r-devel-linux-x86_64-fedora-clang, r-devel-linux-x86_64-fedora-gcc, r-release-macos-arm64, r-release-macos-x86_64, r-oldrel-macos-arm64, r-oldrel-macos-x86_64