Last updated on 2022-08-15 08:49:59 CEST.
Flavor | Version | Tinstall | Tcheck | Ttotal | Status | Flags |
---|---|---|---|---|---|---|
r-devel-linux-x86_64-debian-clang | 1.0 | 39.25 | 75.26 | 114.51 | OK | |
r-devel-linux-x86_64-debian-gcc | 1.0 | 33.19 | 56.59 | 89.78 | OK | |
r-devel-linux-x86_64-fedora-clang | 1.0 | 156.24 | NOTE | |||
r-devel-linux-x86_64-fedora-gcc | 1.0 | 148.63 | OK | |||
r-devel-windows-x86_64 | 1.0 | 43.00 | 112.00 | 155.00 | NOTE | |
r-patched-linux-x86_64 | 1.0 | 35.00 | 71.80 | 106.80 | OK | |
r-release-linux-x86_64 | 1.0 | 38.08 | 73.69 | 111.77 | OK | |
r-release-macos-arm64 | 1.0 | 39.00 | NOTE | |||
r-release-macos-x86_64 | 1.0 | 53.00 | NOTE | |||
r-release-windows-x86_64 | 1.0 | 40.00 | 120.00 | 160.00 | NOTE | |
r-oldrel-macos-arm64 | 1.0 | 35.00 | NOTE | |||
r-oldrel-macos-x86_64 | 1.0 | 52.00 | NOTE | |||
r-oldrel-windows-ix86+x86_64 | 1.0 | 103.00 | 156.00 | 259.00 | NOTE |
Version: 1.0
Check: installed package size
Result: NOTE
installed size is 5.9Mb
sub-directories of 1Mb or more:
extdata 5.5Mb
Flavors: r-devel-linux-x86_64-fedora-clang, r-devel-windows-x86_64, r-release-macos-arm64, r-release-macos-x86_64, r-release-windows-x86_64, r-oldrel-macos-arm64, r-oldrel-macos-x86_64, r-oldrel-windows-ix86+x86_64