Last updated on 2022-08-15 08:49:59 CEST.
Flavor | Version | Tinstall | Tcheck | Ttotal | Status | Flags |
---|---|---|---|---|---|---|
r-devel-linux-x86_64-debian-clang | 0.8-85 | 152.20 | 220.17 | 372.37 | OK | |
r-devel-linux-x86_64-debian-gcc | 0.8-85 | 130.89 | 160.79 | 291.68 | OK | |
r-devel-linux-x86_64-fedora-clang | 0.8-85 | 494.15 | OK | |||
r-devel-linux-x86_64-fedora-gcc | 0.8-85 | 491.32 | OK | |||
r-devel-windows-x86_64 | 0.8-85 | 130.00 | 237.00 | 367.00 | OK | |
r-patched-linux-x86_64 | 0.8-85 | 105.31 | 210.33 | 315.64 | OK | |
r-release-linux-x86_64 | 0.8-85 | 106.22 | 207.42 | 313.64 | OK | |
r-release-macos-arm64 | 0.8-85 | 137.00 | NOTE | |||
r-release-macos-x86_64 | 0.8-85 | 159.00 | NOTE | |||
r-release-windows-x86_64 | 0.8-85 | 139.00 | 238.00 | 377.00 | OK | |
r-oldrel-macos-arm64 | 0.8-85 | 108.00 | NOTE | |||
r-oldrel-macos-x86_64 | 0.8-85 | 217.00 | NOTE | |||
r-oldrel-windows-ix86+x86_64 | 0.8-85 | 339.00 | 296.00 | 635.00 | OK |
Version: 0.8-85
Check: installed package size
Result: NOTE
installed size is 8.9Mb
sub-directories of 1Mb or more:
libs 7.8Mb
Flavors: r-release-macos-arm64, r-release-macos-x86_64, r-oldrel-macos-arm64, r-oldrel-macos-x86_64