Last updated on 2022-08-15 08:49:59 CEST.
Flavor | Version | Tinstall | Tcheck | Ttotal | Status | Flags |
---|---|---|---|---|---|---|
r-devel-linux-x86_64-debian-clang | 2.1.0 | 21.21 | 57.34 | 78.55 | OK | |
r-devel-linux-x86_64-debian-gcc | 2.1.0 | 14.93 | 45.89 | 60.82 | OK | |
r-devel-linux-x86_64-fedora-clang | 2.1.0 | 120.68 | NOTE | |||
r-devel-linux-x86_64-fedora-gcc | 2.1.0 | 113.90 | NOTE | |||
r-devel-windows-x86_64 | 2.1.0 | 29.00 | 128.00 | 157.00 | OK | |
r-patched-linux-x86_64 | 2.1.0 | 13.43 | 55.95 | 69.38 | OK | |
r-release-linux-x86_64 | 2.1.0 | 19.03 | 56.36 | 75.39 | OK | |
r-release-macos-arm64 | 2.1.0 | 45.00 | NOTE | |||
r-release-macos-x86_64 | 2.1.0 | 49.00 | NOTE | |||
r-release-windows-x86_64 | 2.1.0 | 36.00 | 131.00 | 167.00 | OK | |
r-oldrel-macos-arm64 | 2.1.0 | 66.00 | NOTE | |||
r-oldrel-macos-x86_64 | 2.1.0 | 72.00 | NOTE | |||
r-oldrel-windows-ix86+x86_64 | 2.1.0 | 47.00 | 116.00 | 163.00 | OK |
Version: 2.1.0
Check: dependencies in R code
Result: NOTE
Namespace in Imports field not imported from: ‘doParallel’
All declared Imports should be used.
Flavors: r-devel-linux-x86_64-fedora-clang, r-devel-linux-x86_64-fedora-gcc, r-release-macos-arm64, r-release-macos-x86_64, r-oldrel-macos-arm64, r-oldrel-macos-x86_64