Last updated on 2022-08-15 08:49:59 CEST.
Flavor | Version | Tinstall | Tcheck | Ttotal | Status | Flags |
---|---|---|---|---|---|---|
r-devel-linux-x86_64-debian-clang | 1.0.1 | 255.45 | 213.92 | 469.37 | OK | |
r-devel-linux-x86_64-debian-gcc | 1.0.1 | 200.78 | 157.55 | 358.33 | OK | |
r-devel-linux-x86_64-fedora-clang | 1.0.1 | 671.74 | OK | |||
r-devel-linux-x86_64-fedora-gcc | 1.0.1 | 651.84 | OK | |||
r-devel-windows-x86_64 | 1.0.1 | 213.00 | 248.00 | 461.00 | OK | |
r-patched-linux-x86_64 | 1.0.1 | 218.12 | 207.38 | 425.50 | OK | |
r-release-linux-x86_64 | 1.0.1 | 216.45 | 207.90 | 424.35 | OK | |
r-release-macos-arm64 | 1.0.1 | 159.00 | NOTE | |||
r-release-macos-x86_64 | 1.0.1 | 220.00 | NOTE | |||
r-release-windows-x86_64 | 1.0.1 | 205.00 | 256.00 | 461.00 | OK | |
r-oldrel-macos-arm64 | 1.0.1 | 177.00 | NOTE | |||
r-oldrel-macos-x86_64 | 1.0.1 | 344.00 | NOTE | |||
r-oldrel-windows-ix86+x86_64 | 1.0.1 | 643.00 | 429.00 | 1072.00 | OK |
Version: 1.0.1
Check: installed package size
Result: NOTE
installed size is 16.9Mb
sub-directories of 1Mb or more:
libs 16.4Mb
Flavors: r-release-macos-arm64, r-release-macos-x86_64, r-oldrel-macos-arm64, r-oldrel-macos-x86_64