Last updated on 2022-08-15 08:49:59 CEST.
Flavor | Version | Tinstall | Tcheck | Ttotal | Status | Flags |
---|---|---|---|---|---|---|
r-devel-linux-x86_64-debian-clang | 0.2.0 | 4.96 | 271.94 | 276.90 | OK | |
r-devel-linux-x86_64-debian-gcc | 0.2.0 | 3.77 | 197.82 | 201.59 | OK | |
r-devel-linux-x86_64-fedora-clang | 0.2.0 | 329.73 | NOTE | |||
r-devel-linux-x86_64-fedora-gcc | 0.2.0 | 348.38 | NOTE | |||
r-devel-windows-x86_64 | 0.2.0 | 58.00 | 240.00 | 298.00 | OK | |
r-patched-linux-x86_64 | 0.2.0 | 11.35 | 256.80 | 268.15 | OK | |
r-release-linux-x86_64 | 0.2.0 | 2.86 | 257.75 | 260.61 | OK | |
r-release-macos-arm64 | 0.2.0 | 70.00 | NOTE | |||
r-release-macos-x86_64 | 0.2.0 | 133.00 | NOTE | |||
r-release-windows-x86_64 | 0.2.0 | 66.00 | 310.00 | 376.00 | OK | |
r-oldrel-macos-arm64 | 0.2.0 | 109.00 | NOTE | |||
r-oldrel-macos-x86_64 | 0.2.0 | 93.00 | NOTE | |||
r-oldrel-windows-ix86+x86_64 | 0.2.0 | 11.00 | 256.00 | 267.00 | OK |
Version: 0.2.0
Check: dependencies in R code
Result: NOTE
Namespace in Imports field not imported from: ‘utils’
All declared Imports should be used.
Flavors: r-devel-linux-x86_64-fedora-clang, r-devel-linux-x86_64-fedora-gcc, r-release-macos-arm64, r-release-macos-x86_64, r-oldrel-macos-arm64, r-oldrel-macos-x86_64