Last updated on 2022-08-15 08:49:59 CEST.
Flavor | Version | Tinstall | Tcheck | Ttotal | Status | Flags |
---|---|---|---|---|---|---|
r-devel-linux-x86_64-debian-clang | 1.0.3 | 10.29 | 68.60 | 78.89 | NOTE | |
r-devel-linux-x86_64-debian-gcc | 1.0.3 | 7.26 | 46.30 | 53.56 | NOTE | |
r-devel-linux-x86_64-fedora-clang | 1.0.3 | 102.36 | NOTE | |||
r-devel-linux-x86_64-fedora-gcc | 1.0.3 | 104.60 | NOTE | |||
r-devel-windows-x86_64 | 1.0.3 | 17.00 | 84.00 | 101.00 | NOTE | |
r-patched-linux-x86_64 | 1.0.3 | 10.81 | 60.80 | 71.61 | NOTE | |
r-release-linux-x86_64 | 1.0.3 | 9.36 | 61.84 | 71.20 | NOTE | |
r-release-macos-arm64 | 1.0.3 | 27.00 | NOTE | |||
r-release-macos-x86_64 | 1.0.3 | 36.00 | NOTE | |||
r-release-windows-x86_64 | 1.0.3 | 17.00 | 82.00 | 99.00 | NOTE | |
r-oldrel-macos-arm64 | 1.0.3 | 29.00 | NOTE | |||
r-oldrel-macos-x86_64 | 1.0.3 | 52.00 | NOTE | |||
r-oldrel-windows-ix86+x86_64 | 1.0.3 | 17.00 | 86.00 | 103.00 | NOTE |
Version: 1.0.3
Check: LazyData
Result: NOTE
'LazyData' is specified without a 'data' directory
Flavors: r-devel-linux-x86_64-debian-clang, r-devel-linux-x86_64-debian-gcc, r-devel-linux-x86_64-fedora-clang, r-devel-linux-x86_64-fedora-gcc, r-devel-windows-x86_64, r-patched-linux-x86_64, r-release-linux-x86_64, r-release-macos-arm64, r-release-macos-x86_64, r-release-windows-x86_64, r-oldrel-macos-arm64, r-oldrel-macos-x86_64, r-oldrel-windows-ix86+x86_64
Version: 1.0.3
Check: HTML version of manual
Result: NOTE
Found the following HTML validation problems:
MLP.html:77:6: Warning: missing </span> before <p>
MLP.html:77:90: Warning: inserting implicit <span>
MLP.html:77:6: Warning: trimming empty <span>
RBF.html:77:6: Warning: missing </span> before <p>
RBF.html:77:90: Warning: inserting implicit <span>
RBF.html:77:6: Warning: trimming empty <span>
Flavors: r-devel-linux-x86_64-debian-clang, r-devel-linux-x86_64-debian-gcc, r-devel-linux-x86_64-fedora-clang, r-devel-linux-x86_64-fedora-gcc