Last updated on 2022-08-15 08:49:59 CEST.
Flavor | Version | Tinstall | Tcheck | Ttotal | Status | Flags |
---|---|---|---|---|---|---|
r-devel-linux-x86_64-debian-clang | 2.0 | 54.81 | 58.88 | 113.69 | OK | |
r-devel-linux-x86_64-debian-gcc | 2.0 | 51.11 | 44.99 | 96.10 | OK | |
r-devel-linux-x86_64-fedora-clang | 2.0 | 178.61 | OK | |||
r-devel-linux-x86_64-fedora-gcc | 2.0 | 160.66 | OK | |||
r-devel-windows-x86_64 | 2.0 | 65.00 | 105.00 | 170.00 | OK | |
r-patched-linux-x86_64 | 2.0 | 49.25 | 56.09 | 105.34 | OK | |
r-release-linux-x86_64 | 2.0 | 50.00 | 56.72 | 106.72 | OK | |
r-release-macos-arm64 | 2.0 | 47.00 | NOTE | |||
r-release-macos-x86_64 | 2.0 | 62.00 | NOTE | |||
r-release-windows-x86_64 | 2.0 | 66.00 | 117.00 | 183.00 | OK | |
r-oldrel-macos-arm64 | 2.0 | 49.00 | NOTE | |||
r-oldrel-macos-x86_64 | 2.0 | 84.00 | NOTE | |||
r-oldrel-windows-ix86+x86_64 | 2.0 | 149.00 | 118.00 | 267.00 | NOTE |
Version: 2.0
Check: installed package size
Result: NOTE
installed size is 6.9Mb
sub-directories of 1Mb or more:
data 1.6Mb
libs 4.1Mb
Flavors: r-release-macos-arm64, r-release-macos-x86_64, r-oldrel-macos-arm64, r-oldrel-macos-x86_64, r-oldrel-windows-ix86+x86_64