Last updated on 2022-08-15 08:49:59 CEST.
Flavor | Version | Tinstall | Tcheck | Ttotal | Status | Flags |
---|---|---|---|---|---|---|
r-devel-linux-x86_64-debian-clang | 1.4.0 | 2.72 | 34.72 | 37.44 | NOTE | |
r-devel-linux-x86_64-debian-gcc | 1.4.0 | 2.55 | 26.24 | 28.79 | NOTE | |
r-devel-linux-x86_64-fedora-clang | 1.4.0 | 55.79 | NOTE | |||
r-devel-linux-x86_64-fedora-gcc | 1.4.0 | 54.82 | NOTE | |||
r-devel-windows-x86_64 | 1.4.0 | 10.00 | 58.00 | 68.00 | NOTE | |
r-patched-linux-x86_64 | 1.4.0 | 3.30 | 32.25 | 35.55 | NOTE | |
r-release-linux-x86_64 | 1.4.0 | 2.41 | 33.66 | 36.07 | NOTE | |
r-release-macos-arm64 | 1.4.0 | 19.00 | NOTE | |||
r-release-macos-x86_64 | 1.4.0 | 26.00 | NOTE | |||
r-release-windows-x86_64 | 1.4.0 | 12.00 | 57.00 | 69.00 | NOTE | |
r-oldrel-macos-arm64 | 1.4.0 | 23.00 | NOTE | |||
r-oldrel-macos-x86_64 | 1.4.0 | 33.00 | NOTE | |||
r-oldrel-windows-ix86+x86_64 | 1.4.0 | 6.00 | 51.00 | 57.00 | NOTE |
Version: 1.4.0
Check: LazyData
Result: NOTE
'LazyData' is specified without a 'data' directory
Flavors: r-devel-linux-x86_64-debian-clang, r-devel-linux-x86_64-debian-gcc, r-devel-linux-x86_64-fedora-clang, r-devel-linux-x86_64-fedora-gcc, r-devel-windows-x86_64, r-patched-linux-x86_64, r-release-linux-x86_64, r-release-macos-arm64, r-release-macos-x86_64, r-release-windows-x86_64, r-oldrel-macos-arm64, r-oldrel-macos-x86_64, r-oldrel-windows-ix86+x86_64