Last updated on 2022-08-15 08:49:59 CEST.
Flavor | Version | Tinstall | Tcheck | Ttotal | Status | Flags |
---|---|---|---|---|---|---|
r-devel-linux-x86_64-debian-clang | 0.3 | 1.73 | 21.65 | 23.38 | OK | |
r-devel-linux-x86_64-debian-gcc | 0.3 | 1.96 | 17.02 | 18.98 | OK | |
r-devel-linux-x86_64-fedora-clang | 0.3 | 41.21 | NOTE | |||
r-devel-linux-x86_64-fedora-gcc | 0.3 | 39.78 | NOTE | |||
r-devel-windows-x86_64 | 0.3 | 10.00 | 45.00 | 55.00 | OK | |
r-patched-linux-x86_64 | 0.3 | 2.37 | 21.83 | 24.20 | OK | |
r-release-linux-x86_64 | 0.3 | 2.38 | 21.50 | 23.88 | OK | |
r-release-macos-arm64 | 0.3 | 15.00 | NOTE | |||
r-release-macos-x86_64 | 0.3 | 24.00 | NOTE | |||
r-release-windows-x86_64 | 0.3 | 26.00 | 47.00 | 73.00 | OK | |
r-oldrel-macos-arm64 | 0.3 | 19.00 | NOTE | |||
r-oldrel-macos-x86_64 | 0.3 | 28.00 | NOTE | |||
r-oldrel-windows-ix86+x86_64 | 0.3 | 7.00 | 40.00 | 47.00 | OK |
Version: 0.3
Check: dependencies in R code
Result: NOTE
Namespaces in Imports field not imported from:
‘lme4’ ‘metafor’ ‘nlme’
All declared Imports should be used.
Flavors: r-devel-linux-x86_64-fedora-clang, r-devel-linux-x86_64-fedora-gcc, r-release-macos-arm64, r-release-macos-x86_64, r-oldrel-macos-arm64, r-oldrel-macos-x86_64