Last updated on 2022-08-15 08:49:59 CEST.
Flavor | Version | Tinstall | Tcheck | Ttotal | Status | Flags |
---|---|---|---|---|---|---|
r-devel-linux-x86_64-debian-clang | 0.2.1 | 6.28 | 66.84 | 73.12 | OK | |
r-devel-linux-x86_64-debian-gcc | 0.2.1 | 4.93 | 49.96 | 54.89 | OK | |
r-devel-linux-x86_64-fedora-clang | 0.2.1 | 99.37 | NOTE | |||
r-devel-linux-x86_64-fedora-gcc | 0.2.1 | 95.43 | NOTE | |||
r-devel-windows-x86_64 | 0.2.1 | 33.00 | 91.00 | 124.00 | OK | |
r-patched-linux-x86_64 | 0.2.1 | 5.42 | 64.39 | 69.81 | OK | |
r-release-linux-x86_64 | 0.2.1 | 5.77 | 65.07 | 70.84 | OK | |
r-release-macos-arm64 | 0.2.1 | 27.00 | NOTE | |||
r-release-macos-x86_64 | 0.2.1 | 51.00 | NOTE | |||
r-release-windows-x86_64 | 0.2.1 | 25.00 | 96.00 | 121.00 | OK | |
r-oldrel-macos-arm64 | 0.2.1 | 36.00 | NOTE | |||
r-oldrel-macos-x86_64 | 0.2.1 | 53.00 | NOTE | |||
r-oldrel-windows-ix86+x86_64 | 0.2.1 | 15.00 | 87.00 | 102.00 | OK |
Version: 0.2.1
Check: dependencies in R code
Result: NOTE
Namespaces in Imports field not imported from:
‘dplyr’ ‘tibble’
All declared Imports should be used.
Flavors: r-devel-linux-x86_64-fedora-clang, r-devel-linux-x86_64-fedora-gcc, r-release-macos-arm64, r-release-macos-x86_64, r-oldrel-macos-arm64, r-oldrel-macos-x86_64