Last updated on 2022-08-15 08:49:59 CEST.
Flavor | Version | Tinstall | Tcheck | Ttotal | Status | Flags |
---|---|---|---|---|---|---|
r-devel-linux-x86_64-debian-clang | 0.9.3 | 5.67 | 46.01 | 51.68 | OK | |
r-devel-linux-x86_64-debian-gcc | 0.9.3 | 4.06 | 36.23 | 40.29 | OK | |
r-devel-linux-x86_64-fedora-clang | 0.9.3 | 73.05 | NOTE | |||
r-devel-linux-x86_64-fedora-gcc | 0.9.3 | 70.86 | NOTE | |||
r-devel-windows-x86_64 | 0.9.3 | 17.00 | 74.00 | 91.00 | OK | |
r-patched-linux-x86_64 | 0.9.3 | 3.04 | 45.17 | 48.21 | OK | |
r-release-linux-x86_64 | 0.9.3 | 3.27 | 45.50 | 48.77 | OK | |
r-release-macos-arm64 | 0.9.3 | 32.00 | NOTE | |||
r-release-macos-x86_64 | 0.9.3 | 46.00 | NOTE | |||
r-release-windows-x86_64 | 0.9.3 | 45.00 | 85.00 | 130.00 | OK | |
r-oldrel-macos-arm64 | 0.9.3 | 31.00 | NOTE | |||
r-oldrel-macos-x86_64 | 0.9.3 | 39.00 | NOTE | |||
r-oldrel-windows-ix86+x86_64 | 0.9.3 | 16.00 | 71.00 | 87.00 | OK |
Version: 0.9.3
Check: package dependencies
Result: NOTE
Imports includes 25 non-default packages.
Importing from so many packages makes the package vulnerable to any of
them becoming unavailable. Move as many as possible to Suggests and
use conditionally.
Flavor: r-devel-linux-x86_64-fedora-clang
Version: 0.9.3
Check: dependencies in R code
Result: NOTE
Namespaces in Imports field not imported from:
‘DT’ ‘SnowballC’ ‘beepr’ ‘broom’ ‘chinese.misc’ ‘dplyr’ ‘highcharter’
‘htmlwidgets’ ‘ldatuning’ ‘parallel’ ‘plotly’ ‘purrr’ ‘quanteda’
‘shinyBS’ ‘shinyWidgets’ ‘shinyalert’ ‘shinycssloaders’ ‘shinyjs’
‘stringr’ ‘textmineR’ ‘tidyr’ ‘tidytext’ ‘topicmodels’
All declared Imports should be used.
Flavors: r-devel-linux-x86_64-fedora-clang, r-devel-linux-x86_64-fedora-gcc, r-release-macos-arm64, r-release-macos-x86_64, r-oldrel-macos-arm64, r-oldrel-macos-x86_64