Last updated on 2022-08-15 08:49:59 CEST.
Flavor | Version | Tinstall | Tcheck | Ttotal | Status | Flags |
---|---|---|---|---|---|---|
r-devel-linux-x86_64-debian-clang | 1.10 | 10.13 | 82.33 | 92.46 | NOTE | |
r-devel-linux-x86_64-debian-gcc | 1.10 | 8.08 | 63.53 | 71.61 | NOTE | |
r-devel-linux-x86_64-fedora-clang | 1.10 | 119.90 | NOTE | |||
r-devel-linux-x86_64-fedora-gcc | 1.10 | 117.59 | NOTE | |||
r-devel-windows-x86_64 | 1.10 | 13.00 | 102.00 | 115.00 | NOTE | |
r-patched-linux-x86_64 | 1.10 | 8.11 | 79.98 | 88.09 | NOTE | |
r-release-linux-x86_64 | 1.10 | 9.26 | 79.96 | 89.22 | NOTE | |
r-release-macos-arm64 | 1.10 | 34.00 | NOTE | |||
r-release-macos-x86_64 | 1.10 | 75.00 | NOTE | |||
r-release-windows-x86_64 | 1.10 | 13.00 | 105.00 | 118.00 | NOTE | |
r-oldrel-macos-arm64 | 1.10 | 41.00 | NOTE | |||
r-oldrel-macos-x86_64 | 1.10 | 64.00 | NOTE | |||
r-oldrel-windows-ix86+x86_64 | 1.10 | 24.00 | 99.00 | 123.00 | NOTE |
Version: 1.10
Check: LazyData
Result: NOTE
'LazyData' is specified without a 'data' directory
Flavors: r-devel-linux-x86_64-debian-clang, r-devel-linux-x86_64-debian-gcc, r-devel-linux-x86_64-fedora-clang, r-devel-linux-x86_64-fedora-gcc, r-devel-windows-x86_64, r-patched-linux-x86_64, r-release-linux-x86_64, r-release-macos-arm64, r-release-macos-x86_64, r-release-windows-x86_64, r-oldrel-macos-arm64, r-oldrel-macos-x86_64, r-oldrel-windows-ix86+x86_64
Version: 1.10
Check: dependencies in R code
Result: NOTE
Namespaces in Imports field not imported from:
‘devtools’ ‘reticulate’ ‘tensorflow’
All declared Imports should be used.
Flavors: r-devel-linux-x86_64-fedora-clang, r-devel-linux-x86_64-fedora-gcc, r-release-macos-arm64, r-release-macos-x86_64, r-oldrel-macos-arm64, r-oldrel-macos-x86_64