Last updated on 2022-08-15 08:49:59 CEST.
Flavor | Version | Tinstall | Tcheck | Ttotal | Status | Flags |
---|---|---|---|---|---|---|
r-devel-linux-x86_64-debian-clang | 1.3.3 | 7.29 | 99.05 | 106.34 | NOTE | |
r-devel-linux-x86_64-debian-gcc | 1.3.3 | 4.58 | 69.04 | 73.62 | NOTE | |
r-devel-linux-x86_64-fedora-clang | 1.3.3 | 130.20 | NOTE | |||
r-devel-linux-x86_64-fedora-gcc | 1.3.3 | 132.63 | NOTE | |||
r-devel-windows-x86_64 | 1.3.3 | 17.00 | 111.00 | 128.00 | NOTE | |
r-patched-linux-x86_64 | 1.3.3 | 7.07 | 93.44 | 100.51 | OK | |
r-release-linux-x86_64 | 1.3.3 | 5.70 | 92.87 | 98.57 | OK | |
r-release-macos-arm64 | 1.3.3 | 31.00 | OK | |||
r-release-macos-x86_64 | 1.3.3 | 43.00 | OK | |||
r-release-windows-x86_64 | 1.3.3 | 20.00 | 111.00 | 131.00 | OK | |
r-oldrel-macos-arm64 | 1.3.3 | 29.00 | OK | |||
r-oldrel-macos-x86_64 | 1.3.3 | 46.00 | OK | |||
r-oldrel-windows-ix86+x86_64 | 1.3.3 | 10.00 | 119.00 | 129.00 | OK |
Version: 1.3.3
Check: package subdirectories
Result: NOTE
Problems with news in 'NEWS.md':
No news entries found.
Flavors: r-devel-linux-x86_64-debian-clang, r-devel-linux-x86_64-debian-gcc, r-devel-linux-x86_64-fedora-clang, r-devel-linux-x86_64-fedora-gcc, r-devel-windows-x86_64