Last updated on 2022-08-15 08:50:00 CEST.
Flavor | Version | Tinstall | Tcheck | Ttotal | Status | Flags |
---|---|---|---|---|---|---|
r-devel-linux-x86_64-debian-clang | 0.2.1 | 38.64 | 73.35 | 111.99 | OK | |
r-devel-linux-x86_64-debian-gcc | 0.2.1 | 31.69 | 54.01 | 85.70 | OK | |
r-devel-linux-x86_64-fedora-clang | 0.2.1 | 156.26 | OK | |||
r-devel-linux-x86_64-fedora-gcc | 0.2.1 | 171.93 | OK | |||
r-devel-windows-x86_64 | 0.2.1 | 83.00 | 264.00 | 347.00 | OK | |
r-patched-linux-x86_64 | 0.2.1 | 42.40 | 68.80 | 111.20 | OK | |
r-release-linux-x86_64 | 0.2.1 | 36.34 | 69.29 | 105.63 | OK | |
r-release-macos-arm64 | 0.2.1 | 89.00 | NOTE | |||
r-release-macos-x86_64 | 0.2.1 | 117.00 | NOTE | |||
r-release-windows-x86_64 | 0.2.1 | 102.00 | 278.00 | 380.00 | OK | |
r-oldrel-macos-arm64 | 0.2.1 | 87.00 | NOTE | |||
r-oldrel-macos-x86_64 | 0.2.1 | 114.00 | NOTE | |||
r-oldrel-windows-ix86+x86_64 | 0.2.1 | 101.00 | 468.00 | 569.00 | OK |
Version: 0.2.1
Check: installed package size
Result: NOTE
installed size is 6.2Mb
sub-directories of 1Mb or more:
libs 5.1Mb
Flavors: r-release-macos-arm64, r-release-macos-x86_64, r-oldrel-macos-arm64, r-oldrel-macos-x86_64