Last updated on 2022-08-15 08:50:00 CEST.
Flavor | Version | Tinstall | Tcheck | Ttotal | Status | Flags |
---|---|---|---|---|---|---|
r-devel-linux-x86_64-debian-clang | 1.2 | 13.29 | 110.90 | 124.19 | NOTE | |
r-devel-linux-x86_64-debian-gcc | 1.2 | 10.25 | 80.34 | 90.59 | NOTE | |
r-devel-linux-x86_64-fedora-clang | 1.2 | 157.08 | NOTE | |||
r-devel-linux-x86_64-fedora-gcc | 1.2 | 153.10 | NOTE | |||
r-devel-windows-x86_64 | 1.2 | 16.00 | 127.00 | 143.00 | NOTE | |
r-patched-linux-x86_64 | 1.2 | 11.96 | 103.07 | 115.03 | NOTE | |
r-release-linux-x86_64 | 1.2 | 8.30 | 103.58 | 111.88 | NOTE | |
r-release-macos-arm64 | 1.2 | 40.00 | NOTE | |||
r-release-macos-x86_64 | 1.2 | 70.00 | NOTE | |||
r-release-windows-x86_64 | 1.2 | 16.00 | 134.00 | 150.00 | NOTE | |
r-oldrel-macos-arm64 | 1.2 | 41.00 | NOTE | |||
r-oldrel-macos-x86_64 | 1.2 | 85.00 | NOTE | |||
r-oldrel-windows-ix86+x86_64 | 1.2 | 32.00 | 122.00 | 154.00 | NOTE |
Version: 1.2
Check: LazyData
Result: NOTE
'LazyData' is specified without a 'data' directory
Flavors: r-devel-linux-x86_64-debian-clang, r-devel-linux-x86_64-debian-gcc, r-devel-linux-x86_64-fedora-clang, r-devel-linux-x86_64-fedora-gcc, r-devel-windows-x86_64, r-patched-linux-x86_64, r-release-linux-x86_64, r-release-macos-arm64, r-release-macos-x86_64, r-release-windows-x86_64, r-oldrel-macos-arm64, r-oldrel-macos-x86_64, r-oldrel-windows-ix86+x86_64