Last updated on 2022-08-15 08:50:00 CEST.
Flavor | Version | Tinstall | Tcheck | Ttotal | Status | Flags |
---|---|---|---|---|---|---|
r-devel-linux-x86_64-debian-clang | 3.3 | 20.28 | 160.74 | 181.02 | OK | |
r-devel-linux-x86_64-debian-gcc | 3.3 | 16.60 | 119.86 | 136.46 | OK | |
r-devel-linux-x86_64-fedora-clang | 3.3 | 225.54 | OK | |||
r-devel-linux-x86_64-fedora-gcc | 3.3 | 231.27 | OK | |||
r-devel-windows-x86_64 | 3.3 | 32.00 | 166.00 | 198.00 | OK | |
r-patched-linux-x86_64 | 3.3 | 16.80 | 151.34 | 168.14 | NOTE | |
r-release-linux-x86_64 | 3.3 | 12.79 | 150.02 | 162.81 | NOTE | |
r-release-macos-arm64 | 3.3 | 66.00 | OK | |||
r-release-macos-x86_64 | 3.3 | 81.00 | OK | |||
r-release-windows-x86_64 | 3.3 | 26.00 | 170.00 | 196.00 | OK | |
r-oldrel-macos-arm64 | 3.3 | 55.00 | OK | |||
r-oldrel-macos-x86_64 | 3.3 | 81.00 | OK | |||
r-oldrel-windows-ix86+x86_64 | 3.3 | 45.00 | 168.00 | 213.00 | OK |
Version: 3.3
Check: DESCRIPTION meta-information
Result: NOTE
Dependence on R version ‘4.0.3’ not with patchlevel 0
Flavors: r-patched-linux-x86_64, r-release-linux-x86_64