Last updated on 2022-08-15 08:50:00 CEST.
Flavor | Version | Tinstall | Tcheck | Ttotal | Status | Flags |
---|---|---|---|---|---|---|
r-devel-linux-x86_64-debian-clang | 1.0 | 3.70 | 30.07 | 33.77 | OK | |
r-devel-linux-x86_64-debian-gcc | 1.0 | 2.91 | 22.68 | 25.59 | OK | |
r-devel-linux-x86_64-fedora-clang | 1.0 | 50.74 | NOTE | |||
r-devel-linux-x86_64-fedora-gcc | 1.0 | 49.94 | NOTE | |||
r-devel-windows-x86_64 | 1.0 | 22.00 | 58.00 | 80.00 | OK | |
r-patched-linux-x86_64 | 1.0 | 3.33 | 28.66 | 31.99 | OK | |
r-release-linux-x86_64 | 1.0 | 3.03 | 28.46 | 31.49 | OK | |
r-release-macos-arm64 | 1.0 | 20.00 | OK | |||
r-release-macos-x86_64 | 1.0 | 22.00 | OK | |||
r-release-windows-x86_64 | 1.0 | 21.00 | 58.00 | 79.00 | OK | |
r-oldrel-macos-arm64 | 1.0 | 18.00 | OK | |||
r-oldrel-macos-x86_64 | 1.0 | 32.00 | OK | |||
r-oldrel-windows-ix86+x86_64 | 1.0 | 10.00 | 57.00 | 67.00 | OK |
Version: 1.0
Check: compiled code
Result: NOTE
File ‘LRcontrast/libs/LRcontrast.so’:
Found no calls to: ‘R_registerRoutines’, ‘R_useDynamicSymbols’
It is good practice to register native routines and to disable symbol
search.
See ‘Writing portable packages’ in the ‘Writing R Extensions’ manual.
Flavors: r-devel-linux-x86_64-fedora-clang, r-devel-linux-x86_64-fedora-gcc