Last updated on 2022-08-15 08:50:00 CEST.
Flavor | Version | Tinstall | Tcheck | Ttotal | Status | Flags |
---|---|---|---|---|---|---|
r-devel-linux-x86_64-debian-clang | 1.1.0 | 9.34 | 91.74 | 101.08 | NOTE | |
r-devel-linux-x86_64-debian-gcc | 1.1.0 | 7.70 | 69.20 | 76.90 | NOTE | |
r-devel-linux-x86_64-fedora-clang | 1.1.0 | 133.52 | NOTE | |||
r-devel-linux-x86_64-fedora-gcc | 1.1.0 | 129.11 | NOTE | |||
r-devel-windows-x86_64 | 1.1.0 | 20.00 | 116.00 | 136.00 | NOTE | |
r-patched-linux-x86_64 | 1.1.0 | 11.95 | 90.28 | 102.23 | NOTE | |
r-release-linux-x86_64 | 1.1.0 | 10.08 | 91.87 | 101.95 | NOTE | |
r-release-macos-arm64 | 1.1.0 | 47.00 | NOTE | |||
r-release-macos-x86_64 | 1.1.0 | 65.00 | NOTE | |||
r-release-windows-x86_64 | 1.1.0 | 23.00 | 118.00 | 141.00 | NOTE | |
r-oldrel-macos-arm64 | 1.1.0 | 60.00 | NOTE | |||
r-oldrel-macos-x86_64 | 1.1.0 | 89.00 | NOTE | |||
r-oldrel-windows-ix86+x86_64 | 1.1.0 | 20.00 | 116.00 | 136.00 | NOTE |
Version: 1.1.0
Check: LazyData
Result: NOTE
'LazyData' is specified without a 'data' directory
Flavors: r-devel-linux-x86_64-debian-clang, r-devel-linux-x86_64-debian-gcc, r-devel-linux-x86_64-fedora-clang, r-devel-linux-x86_64-fedora-gcc, r-devel-windows-x86_64, r-patched-linux-x86_64, r-release-linux-x86_64, r-release-macos-arm64, r-release-macos-x86_64, r-release-windows-x86_64, r-oldrel-macos-arm64, r-oldrel-macos-x86_64, r-oldrel-windows-ix86+x86_64
Version: 1.1.0
Check: Rd cross-references
Result: NOTE
Undeclared package ‘zoo’ in Rd xrefs
Flavor: r-devel-linux-x86_64-fedora-clang