Last updated on 2022-08-15 08:49:59 CEST.
Flavor | Version | Tinstall | Tcheck | Ttotal | Status | Flags |
---|---|---|---|---|---|---|
r-devel-linux-x86_64-debian-clang | 10.0-1 | 45.34 | 93.07 | 138.41 | OK | |
r-devel-linux-x86_64-debian-gcc | 10.0-1 | 37.81 | 69.27 | 107.08 | OK | |
r-devel-linux-x86_64-fedora-clang | 10.0-1 | 182.11 | NOTE | |||
r-devel-linux-x86_64-fedora-gcc | 10.0-1 | 181.21 | OK | |||
r-devel-windows-x86_64 | 10.0-1 | 69.00 | 141.00 | 210.00 | NOTE | |
r-patched-linux-x86_64 | 10.0-1 | 43.27 | 87.31 | 130.58 | OK | |
r-release-linux-x86_64 | 10.0-1 | 45.55 | 87.38 | 132.93 | OK | |
r-release-macos-arm64 | 10.0-1 | 85.00 | NOTE | |||
r-release-macos-x86_64 | 10.0-1 | 98.00 | NOTE | |||
r-release-windows-x86_64 | 10.0-1 | 51.00 | 147.00 | 198.00 | NOTE | |
r-oldrel-macos-arm64 | 10.0-1 | 78.00 | NOTE | |||
r-oldrel-macos-x86_64 | 10.0-1 | 101.00 | NOTE | |||
r-oldrel-windows-ix86+x86_64 | 10.0-1 | 62.00 | 143.00 | 205.00 | NOTE |
Version: 10.0-1
Check: installed package size
Result: NOTE
installed size is 6.4Mb
sub-directories of 1Mb or more:
data 5.5Mb
Flavors: r-devel-linux-x86_64-fedora-clang, r-devel-windows-x86_64, r-release-macos-arm64, r-release-macos-x86_64, r-release-windows-x86_64, r-oldrel-macos-arm64, r-oldrel-macos-x86_64, r-oldrel-windows-ix86+x86_64
Version: 10.0-1
Check: Rd cross-references
Result: NOTE
Undeclared package ‘plyr’ in Rd xrefs
Flavor: r-devel-linux-x86_64-fedora-clang