Last updated on 2022-08-15 08:49:59 CEST.
Flavor | Version | Tinstall | Tcheck | Ttotal | Status | Flags |
---|---|---|---|---|---|---|
r-devel-linux-x86_64-debian-clang | 1.5.0 | 8.90 | 49.05 | 57.95 | NOTE | |
r-devel-linux-x86_64-debian-gcc | 1.5.0 | 4.46 | 37.34 | 41.80 | NOTE | |
r-devel-linux-x86_64-fedora-clang | 1.5.0 | 81.19 | NOTE | |||
r-devel-linux-x86_64-fedora-gcc | 1.5.0 | 82.54 | NOTE | |||
r-devel-windows-x86_64 | 1.5.0 | 57.00 | 71.00 | 128.00 | OK | |
r-patched-linux-x86_64 | 1.5.0 | 10.43 | 46.57 | 57.00 | OK | |
r-release-linux-x86_64 | 1.5.0 | 5.46 | 45.14 | 50.60 | OK | |
r-release-macos-arm64 | 1.5.0 | 23.00 | OK | |||
r-release-macos-x86_64 | 1.5.0 | 38.00 | NOTE | |||
r-release-windows-x86_64 | 1.5.0 | 76.00 | 74.00 | 150.00 | OK | |
r-oldrel-macos-arm64 | 1.5.0 | 35.00 | NOTE | |||
r-oldrel-macos-x86_64 | 1.5.0 | 45.00 | OK | |||
r-oldrel-windows-ix86+x86_64 | 1.5.0 | 19.00 | 80.00 | 99.00 | OK |
Version: 1.5.0
Check: HTML version of manual
Result: NOTE
Found the following math rendering problems:
metab.kalman.Rd:51: Undefined control sequence: \do in ... + \beta_{t-1}*\do.obs_{t-1} + \e...
metab.mle.Rd:48: Undefined control sequence: \do in ... + \beta_{t-1}*\do.obs_{t-1} + \e...
Flavors: r-devel-linux-x86_64-debian-clang, r-devel-linux-x86_64-debian-gcc, r-devel-linux-x86_64-fedora-clang, r-devel-linux-x86_64-fedora-gcc
Version: 1.5.0
Check: compiled code
Result: NOTE
File ‘LakeMetabolizer/libs/LakeMetabolizer.so’:
Found no calls to: ‘R_registerRoutines’, ‘R_useDynamicSymbols’
It is good practice to register native routines and to disable symbol
search.
See ‘Writing portable packages’ in the ‘Writing R Extensions’ manual.
Flavors: r-devel-linux-x86_64-fedora-clang, r-devel-linux-x86_64-fedora-gcc
Version: 1.5.0
Check: package dependencies
Result: NOTE
Package suggested but not available for checking: ‘R2jags’
Flavors: r-release-macos-x86_64, r-oldrel-macos-arm64
Version: 1.5.0
Check: Rd cross-references
Result: NOTE
Package unavailable to check Rd xrefs: ‘R2jags’
Flavors: r-release-macos-x86_64, r-oldrel-macos-arm64