Last updated on 2022-08-15 08:49:59 CEST.
Flavor | Version | Tinstall | Tcheck | Ttotal | Status | Flags |
---|---|---|---|---|---|---|
r-devel-linux-x86_64-debian-clang | 0.1.2 | 25.43 | 75.75 | 101.18 | WARN | |
r-devel-linux-x86_64-debian-gcc | 0.1.2 | 22.31 | 58.10 | 80.41 | OK | |
r-devel-linux-x86_64-fedora-clang | 0.1.2 | 138.24 | WARN | |||
r-devel-linux-x86_64-fedora-gcc | 0.1.2 | 133.00 | OK | |||
r-devel-windows-x86_64 | 0.1.2 | 31.00 | 112.00 | 143.00 | OK | |
r-patched-linux-x86_64 | 0.1.2 | 24.44 | 71.74 | 96.18 | OK | |
r-release-linux-x86_64 | 0.1.2 | 23.96 | 72.09 | 96.05 | OK | |
r-release-macos-arm64 | 0.1.2 | 39.00 | OK | |||
r-release-macos-x86_64 | 0.1.2 | 52.00 | OK | |||
r-release-windows-x86_64 | 0.1.2 | 46.00 | 113.00 | 159.00 | OK | |
r-oldrel-macos-arm64 | 0.1.2 | 44.00 | OK | |||
r-oldrel-macos-x86_64 | 0.1.2 | 77.00 | OK | |||
r-oldrel-windows-ix86+x86_64 | 0.1.2 | 63.00 | 131.00 | 194.00 | OK |
Version: 0.1.2
Check: whether package can be installed
Result: WARN
Found the following significant warnings:
ExportedFunctions.cpp:101:7: warning: use of bitwise '&' with boolean operands [-Wbitwise-instead-of-logical]
ExportedFunctions.cpp:106:7: warning: use of bitwise '&' with boolean operands [-Wbitwise-instead-of-logical]
Flavors: r-devel-linux-x86_64-debian-clang, r-devel-linux-x86_64-fedora-clang