Last updated on 2022-08-15 08:49:59 CEST.
Flavor | Version | Tinstall | Tcheck | Ttotal | Status | Flags |
---|---|---|---|---|---|---|
r-devel-linux-x86_64-debian-clang | 1.5 | 3.13 | 32.49 | 35.62 | NOTE | |
r-devel-linux-x86_64-debian-gcc | 1.5 | 2.98 | 24.87 | 27.85 | NOTE | |
r-devel-linux-x86_64-fedora-clang | 1.5 | 54.22 | NOTE | |||
r-devel-linux-x86_64-fedora-gcc | 1.5 | 52.87 | NOTE | |||
r-devel-windows-x86_64 | 1.5 | 35.00 | 58.00 | 93.00 | NOTE | |
r-patched-linux-x86_64 | 1.5 | 3.61 | 30.97 | 34.58 | NOTE | |
r-release-linux-x86_64 | 1.5 | 2.67 | 30.44 | 33.11 | NOTE | |
r-release-macos-arm64 | 1.5 | 18.00 | NOTE | |||
r-release-macos-x86_64 | 1.5 | 24.00 | NOTE | |||
r-release-windows-x86_64 | 1.5 | 43.00 | 58.00 | 101.00 | NOTE | |
r-oldrel-macos-arm64 | 1.5 | 22.00 | NOTE | |||
r-oldrel-macos-x86_64 | 1.5 | 31.00 | NOTE | |||
r-oldrel-windows-ix86+x86_64 | 1.5 | 8.00 | 51.00 | 59.00 | NOTE |
Version: 1.5
Check: LazyData
Result: NOTE
'LazyData' is specified without a 'data' directory
Flavors: r-devel-linux-x86_64-debian-clang, r-devel-linux-x86_64-debian-gcc, r-devel-linux-x86_64-fedora-clang, r-devel-linux-x86_64-fedora-gcc, r-devel-windows-x86_64, r-patched-linux-x86_64, r-release-linux-x86_64, r-release-macos-arm64, r-release-macos-x86_64, r-release-windows-x86_64, r-oldrel-macos-arm64, r-oldrel-macos-x86_64, r-oldrel-windows-ix86+x86_64