Last updated on 2022-08-15 08:49:59 CEST.
Flavor | Version | Tinstall | Tcheck | Ttotal | Status | Flags |
---|---|---|---|---|---|---|
r-devel-linux-x86_64-debian-clang | 0.0.3 | 17.38 | 142.46 | 159.84 | NOTE | |
r-devel-linux-x86_64-debian-gcc | 0.0.3 | 14.39 | 104.23 | 118.62 | NOTE | |
r-devel-linux-x86_64-fedora-clang | 0.0.3 | 204.21 | NOTE | |||
r-devel-linux-x86_64-fedora-gcc | 0.0.3 | 202.58 | NOTE | |||
r-devel-windows-x86_64 | 0.0.3 | 386.00 | 165.00 | 551.00 | OK | |
r-patched-linux-x86_64 | 0.0.3 | 20.70 | 132.62 | 153.32 | OK | |
r-release-linux-x86_64 | 0.0.3 | 17.14 | 129.95 | 147.09 | OK | |
r-release-macos-arm64 | 0.0.3 | 47.00 | NOTE | |||
r-release-macos-x86_64 | 0.0.3 | 91.00 | NOTE | |||
r-release-windows-x86_64 | 0.0.3 | 335.00 | 166.00 | 501.00 | OK | |
r-oldrel-macos-arm64 | 0.0.3 | 69.00 | NOTE | |||
r-oldrel-macos-x86_64 | 0.0.3 | 63.00 | NOTE | |||
r-oldrel-windows-ix86+x86_64 | 0.0.3 | 38.00 | 162.00 | 200.00 | OK |
Version: 0.0.3
Check: HTML version of manual
Result: NOTE
Found the following HTML validation problems:
TariffTypeSingleEnum-class.html:19:1: Warning: missing </h2> before <dl>
TariffTypeSingleEnum-class.html:51:1: Warning: discarding unexpected </h2>
Flavors: r-devel-linux-x86_64-debian-clang, r-devel-linux-x86_64-debian-gcc, r-devel-linux-x86_64-fedora-clang, r-devel-linux-x86_64-fedora-gcc
Version: 0.0.3
Check: dependencies in R code
Result: NOTE
Namespaces in Imports field not imported from:
‘kableExtra’ ‘pander’
All declared Imports should be used.
Flavors: r-devel-linux-x86_64-fedora-clang, r-devel-linux-x86_64-fedora-gcc, r-release-macos-arm64, r-release-macos-x86_64, r-oldrel-macos-arm64, r-oldrel-macos-x86_64