Last updated on 2022-08-15 08:49:59 CEST.
Flavor | Version | Tinstall | Tcheck | Ttotal | Status | Flags |
---|---|---|---|---|---|---|
r-devel-linux-x86_64-debian-clang | 1.0 | 3.43 | 31.12 | 34.55 | NOTE | |
r-devel-linux-x86_64-debian-gcc | 1.0 | 2.31 | 23.72 | 26.03 | NOTE | |
r-devel-linux-x86_64-fedora-clang | 1.0 | 54.88 | NOTE | |||
r-devel-linux-x86_64-fedora-gcc | 1.0 | 53.49 | NOTE | |||
r-devel-windows-x86_64 | 1.0 | 22.00 | 55.00 | 77.00 | NOTE | |
r-patched-linux-x86_64 | 1.0 | 3.59 | 30.05 | 33.64 | NOTE | |
r-release-linux-x86_64 | 1.0 | 3.36 | 30.53 | 33.89 | NOTE | |
r-release-macos-arm64 | 1.0 | 19.00 | NOTE | |||
r-release-macos-x86_64 | 1.0 | 26.00 | NOTE | |||
r-release-windows-x86_64 | 1.0 | 33.00 | 54.00 | 87.00 | NOTE | |
r-oldrel-macos-arm64 | 1.0 | 19.00 | NOTE | |||
r-oldrel-macos-x86_64 | 1.0 | 32.00 | NOTE | |||
r-oldrel-windows-ix86+x86_64 | 1.0 | 7.00 | 49.00 | 56.00 | OK |
Version: 1.0
Check: package dependencies
Result: NOTE
Packages suggested but not available for checking:
'gWidgets', 'gWidgetsRGtk2', 'RGtk2'
Flavors: r-devel-linux-x86_64-debian-clang, r-devel-linux-x86_64-debian-gcc, r-devel-linux-x86_64-fedora-clang, r-devel-linux-x86_64-fedora-gcc, r-patched-linux-x86_64, r-release-linux-x86_64, r-release-macos-arm64, r-release-macos-x86_64, r-oldrel-macos-arm64
Version: 1.0
Check: package dependencies
Result: NOTE
Packages suggested but not available for checking:
'gWidgets', 'gWidgetsRGtk2'
Flavors: r-devel-windows-x86_64, r-release-windows-x86_64, r-oldrel-macos-x86_64