Last updated on 2022-08-15 08:50:00 CEST.
Flavor | Version | Tinstall | Tcheck | Ttotal | Status | Flags |
---|---|---|---|---|---|---|
r-devel-linux-x86_64-debian-clang | 1.1 | 5.56 | 53.32 | 58.88 | NOTE | |
r-devel-linux-x86_64-debian-gcc | 1.1 | 4.79 | 41.93 | 46.72 | NOTE | |
r-devel-linux-x86_64-fedora-clang | 1.1 | 84.99 | NOTE | |||
r-devel-linux-x86_64-fedora-gcc | 1.1 | 82.33 | NOTE | |||
r-devel-windows-x86_64 | 1.1 | 13.00 | 91.00 | 104.00 | OK | |
r-patched-linux-x86_64 | 1.1 | 6.23 | 51.70 | 57.93 | NOTE | |
r-release-linux-x86_64 | 1.1 | 5.06 | 52.28 | 57.34 | NOTE | |
r-release-macos-arm64 | 1.1 | 31.00 | NOTE | |||
r-release-macos-x86_64 | 1.1 | 38.00 | OK | |||
r-release-windows-x86_64 | 1.1 | 15.00 | 92.00 | 107.00 | OK | |
r-oldrel-macos-arm64 | 1.1 | 35.00 | OK | |||
r-oldrel-macos-x86_64 | 1.1 | 60.00 | OK | |||
r-oldrel-windows-ix86+x86_64 | 1.1 | 11.00 | 77.00 | 88.00 | OK |
Version: 1.1
Check: for non-standard things in the check directory
Result: NOTE
Found the following files/directories:
'tTestTable.rda'
Flavors: r-devel-linux-x86_64-debian-clang, r-devel-linux-x86_64-debian-gcc, r-devel-linux-x86_64-fedora-clang, r-devel-linux-x86_64-fedora-gcc, r-patched-linux-x86_64, r-release-linux-x86_64
Version: 1.1
Check: package dependencies
Result: NOTE
Package suggested but not available for checking: ‘graph’
Flavor: r-release-macos-arm64