Last updated on 2022-08-15 08:50:00 CEST.
Flavor | Version | Tinstall | Tcheck | Ttotal | Status | Flags |
---|---|---|---|---|---|---|
r-devel-linux-x86_64-debian-clang | 1.6-5 | 22.64 | 93.57 | 116.21 | OK | |
r-devel-linux-x86_64-debian-gcc | 1.6-5 | 18.20 | 68.19 | 86.39 | OK | |
r-devel-linux-x86_64-fedora-clang | 1.6-5 | 146.56 | NOTE | |||
r-devel-linux-x86_64-fedora-gcc | 1.6-5 | 152.60 | OK | |||
r-devel-windows-x86_64 | 1.6-5 | 53.00 | 141.00 | 194.00 | OK | |
r-patched-linux-x86_64 | 1.6-5 | 20.70 | 97.31 | 118.01 | OK | |
r-release-linux-x86_64 | 1.6-5 | 20.90 | 96.35 | 117.25 | OK | |
r-release-macos-arm64 | 1.6-5 | 86.00 | OK | |||
r-release-macos-x86_64 | 1.6-5 | 132.00 | OK | |||
r-release-windows-x86_64 | 1.6-5 | 58.00 | 143.00 | 201.00 | OK | |
r-oldrel-macos-arm64 | 1.6-5 | 87.00 | OK | |||
r-oldrel-macos-x86_64 | 1.6-5 | 135.00 | OK | |||
r-oldrel-windows-ix86+x86_64 | 1.6-5 | 60.00 | 149.00 | 209.00 | OK |
Version: 1.6-5
Check: Rd cross-references
Result: NOTE
Undeclared packages ‘logcondens’, ‘colorspace’ in Rd xrefs
Flavor: r-devel-linux-x86_64-fedora-clang