Last updated on 2022-08-15 08:50:00 CEST.
Flavor | Version | Tinstall | Tcheck | Ttotal | Status | Flags |
---|---|---|---|---|---|---|
r-devel-linux-x86_64-debian-clang | 1.2-6 | 5.56 | 45.19 | 50.75 | NOTE | |
r-devel-linux-x86_64-debian-gcc | 1.2-6 | 5.14 | 33.94 | 39.08 | NOTE | |
r-devel-linux-x86_64-fedora-clang | 1.2-6 | 71.03 | NOTE | |||
r-devel-linux-x86_64-fedora-gcc | 1.2-6 | 70.05 | NOTE | |||
r-devel-windows-x86_64 | 1.2-6 | 9.00 | 65.00 | 74.00 | OK | |
r-patched-linux-x86_64 | 1.2-6 | 5.64 | 43.01 | 48.65 | NOTE | |
r-release-linux-x86_64 | 1.2-6 | 6.93 | 43.30 | 50.23 | NOTE | |
r-release-macos-arm64 | 1.2-6 | 19.00 | OK | |||
r-release-macos-x86_64 | 1.2-6 | 28.00 | OK | |||
r-release-windows-x86_64 | 1.2-6 | 33.00 | 65.00 | 98.00 | OK | |
r-oldrel-macos-arm64 | 1.2-6 | 21.00 | OK | |||
r-oldrel-macos-x86_64 | 1.2-6 | 41.00 | OK | |||
r-oldrel-windows-ix86+x86_64 | 1.2-6 | 12.00 | 64.00 | 76.00 | OK |
Version: 1.2-6
Check: for non-standard things in the check directory
Result: NOTE
Found the following files/directories:
'Model_1.cm' 'dambacher.dot' 'levins.dot'
Flavors: r-devel-linux-x86_64-debian-clang, r-devel-linux-x86_64-debian-gcc, r-devel-linux-x86_64-fedora-clang, r-devel-linux-x86_64-fedora-gcc, r-patched-linux-x86_64, r-release-linux-x86_64