Last updated on 2022-08-15 08:50:00 CEST.
Flavor | Version | Tinstall | Tcheck | Ttotal | Status | Flags |
---|---|---|---|---|---|---|
r-devel-linux-x86_64-debian-clang | 0.1.1 | 15.74 | 182.12 | 197.86 | NOTE | |
r-devel-linux-x86_64-debian-gcc | 0.1.1 | 13.07 | 136.98 | 150.05 | NOTE | |
r-devel-linux-x86_64-fedora-clang | 0.1.1 | 246.32 | NOTE | |||
r-devel-linux-x86_64-fedora-gcc | 0.1.1 | 246.90 | NOTE | |||
r-devel-windows-x86_64 | 0.1.1 | 24.00 | 192.00 | 216.00 | NOTE | |
r-patched-linux-x86_64 | 0.1.1 | 16.12 | 178.34 | 194.46 | NOTE | |
r-release-linux-x86_64 | 0.1.1 | 13.63 | 174.78 | 188.41 | NOTE | |
r-release-macos-arm64 | 0.1.1 | 62.00 | NOTE | |||
r-release-macos-x86_64 | 0.1.1 | 87.00 | NOTE | |||
r-release-windows-x86_64 | 0.1.1 | 28.00 | 195.00 | 223.00 | NOTE | |
r-oldrel-macos-arm64 | 0.1.1 | 96.00 | NOTE | |||
r-oldrel-macos-x86_64 | 0.1.1 | 136.00 | NOTE | |||
r-oldrel-windows-ix86+x86_64 | 0.1.1 | 31.00 | 209.00 | 240.00 | NOTE |
Version: 0.1.1
Check: LazyData
Result: NOTE
'LazyData' is specified without a 'data' directory
Flavors: r-devel-linux-x86_64-debian-clang, r-devel-linux-x86_64-debian-gcc, r-devel-linux-x86_64-fedora-clang, r-devel-linux-x86_64-fedora-gcc, r-devel-windows-x86_64, r-patched-linux-x86_64, r-release-linux-x86_64, r-release-macos-arm64, r-release-macos-x86_64, r-release-windows-x86_64, r-oldrel-macos-arm64, r-oldrel-macos-x86_64, r-oldrel-windows-ix86+x86_64