Last updated on 2022-08-15 08:50:00 CEST.
Flavor | Version | Tinstall | Tcheck | Ttotal | Status | Flags |
---|---|---|---|---|---|---|
r-devel-linux-x86_64-debian-clang | 1.1.1 | 32.60 | 48.82 | 81.42 | OK | |
r-devel-linux-x86_64-debian-gcc | 1.1.1 | 24.48 | 38.11 | 62.59 | OK | |
r-devel-linux-x86_64-fedora-clang | 1.1.1 | 115.29 | OK | |||
r-devel-linux-x86_64-fedora-gcc | 1.1.1 | 107.05 | OK | |||
r-devel-windows-x86_64 | 1.1.1 | 36.00 | 94.00 | 130.00 | NOTE | |
r-patched-linux-x86_64 | 1.1.1 | 26.38 | 48.20 | 74.58 | OK | |
r-release-linux-x86_64 | 1.1.1 | 25.03 | 47.46 | 72.49 | OK | |
r-release-macos-arm64 | 1.1.1 | 32.00 | NOTE | |||
r-release-macos-x86_64 | 1.1.1 | 43.00 | NOTE | |||
r-release-windows-x86_64 | 1.1.1 | 32.00 | 98.00 | 130.00 | NOTE | |
r-oldrel-macos-arm64 | 1.1.1 | 36.00 | NOTE | |||
r-oldrel-macos-x86_64 | 1.1.1 | 56.00 | NOTE | |||
r-oldrel-windows-ix86+x86_64 | 1.1.1 | 74.00 | 109.00 | 183.00 | NOTE |
Version: 1.1.1
Check: installed package size
Result: NOTE
installed size is 5.6Mb
sub-directories of 1Mb or more:
extdata 4.5Mb
libs 1.0Mb
Flavors: r-devel-windows-x86_64, r-release-macos-arm64, r-release-macos-x86_64, r-release-windows-x86_64, r-oldrel-macos-arm64, r-oldrel-macos-x86_64, r-oldrel-windows-ix86+x86_64