Last updated on 2022-08-15 08:50:00 CEST.
Flavor | Version | Tinstall | Tcheck | Ttotal | Status | Flags |
---|---|---|---|---|---|---|
r-devel-linux-x86_64-debian-clang | 0.9.20 | 101.65 | 347.62 | 449.27 | OK | |
r-devel-linux-x86_64-debian-gcc | 0.9.20 | 78.22 | 248.88 | 327.10 | OK | |
r-devel-linux-x86_64-fedora-clang | 0.9.20 | 539.67 | OK | |||
r-devel-linux-x86_64-fedora-gcc | 0.9.20 | 528.51 | OK | |||
r-devel-windows-x86_64 | 0.9.20 | 339.00 | 380.00 | 719.00 | OK | |
r-patched-linux-x86_64 | 0.9.20 | 104.69 | 312.14 | 416.83 | OK | |
r-release-linux-x86_64 | 0.9.20 | 91.37 | 311.69 | 403.06 | OK | |
r-release-macos-arm64 | 0.9.20 | 119.00 | NOTE | |||
r-release-macos-x86_64 | 0.9.20 | 170.00 | NOTE | |||
r-release-windows-x86_64 | 0.9.20 | 297.00 | 374.00 | 671.00 | OK | |
r-oldrel-macos-arm64 | 0.9.20 | 119.00 | NOTE | |||
r-oldrel-macos-x86_64 | 0.9.20 | 168.00 | NOTE | |||
r-oldrel-windows-ix86+x86_64 | 0.9.20 | 207.00 | 533.00 | 740.00 | NOTE |
Version: 0.9.20
Check: installed package size
Result: NOTE
installed size is 6.2Mb
sub-directories of 1Mb or more:
R 2.0Mb
libs 2.0Mb
Flavors: r-release-macos-arm64, r-release-macos-x86_64, r-oldrel-macos-arm64, r-oldrel-macos-x86_64, r-oldrel-windows-ix86+x86_64