Last updated on 2022-08-15 08:50:00 CEST.
Flavor | Version | Tinstall | Tcheck | Ttotal | Status | Flags |
---|---|---|---|---|---|---|
r-devel-linux-x86_64-debian-clang | 2.0 | 5.80 | 57.07 | 62.87 | NOTE | |
r-devel-linux-x86_64-debian-gcc | 2.0 | 4.39 | 41.61 | 46.00 | NOTE | |
r-devel-linux-x86_64-fedora-clang | 2.0 | 82.44 | NOTE | |||
r-devel-linux-x86_64-fedora-gcc | 2.0 | 81.35 | NOTE | |||
r-devel-windows-x86_64 | 2.0 | 17.00 | 78.00 | 95.00 | NOTE | |
r-patched-linux-x86_64 | 2.0 | 5.44 | 52.02 | 57.46 | NOTE | |
r-release-linux-x86_64 | 2.0 | 5.03 | 51.91 | 56.94 | NOTE | |
r-release-macos-arm64 | 2.0 | 28.00 | NOTE | |||
r-release-macos-x86_64 | 2.0 | 45.00 | NOTE | |||
r-release-windows-x86_64 | 2.0 | 12.00 | 81.00 | 93.00 | NOTE | |
r-oldrel-macos-arm64 | 2.0 | 33.00 | NOTE | |||
r-oldrel-macos-x86_64 | 2.0 | 37.00 | NOTE | |||
r-oldrel-windows-ix86+x86_64 | 2.0 | 14.00 | 82.00 | 96.00 | NOTE |
Version: 2.0
Check: LazyData
Result: NOTE
'LazyData' is specified without a 'data' directory
Flavors: r-devel-linux-x86_64-debian-clang, r-devel-linux-x86_64-debian-gcc, r-devel-linux-x86_64-fedora-clang, r-devel-linux-x86_64-fedora-gcc, r-devel-windows-x86_64, r-patched-linux-x86_64, r-release-linux-x86_64, r-release-macos-arm64, r-release-macos-x86_64, r-release-windows-x86_64, r-oldrel-macos-arm64, r-oldrel-macos-x86_64, r-oldrel-windows-ix86+x86_64